{"id":94,"date":"2026-05-05T08:19:22","date_gmt":"2026-05-05T08:19:22","guid":{"rendered":"https:\/\/sonsanepoxy.vn\/?post_type=product&#038;p=94"},"modified":"2026-05-05T08:20:16","modified_gmt":"2026-05-05T08:20:16","slug":"vua-pu-kcc-crete-mf","status":"publish","type":"product","link":"https:\/\/sonsanepoxy.vn\/index.php\/san-pham\/vua-pu-kcc-crete-mf\/","title":{"rendered":"V\u1eefa PU Kcc Crete MF"},"content":{"rendered":"<table width=\"102%\">\n<tbody>\n<tr>\n<td width=\"16%\"><strong>M\u00f4 t\u1ea3 &amp; \u1ee8ng d\u1ee5ng<\/strong><\/td>\n<td width=\"85%\">KCC PAINT CRETE MF l\u00e0 lo\u1ea1i v\u1eadt li\u1ec7u \u0111\u1ed5 s\u00e0n t\u1ef1 san ph\u1eb3ng, g\u1ed1c v\u1eefa polyurethane, c\u00f3 kh\u1ea3 n\u0103ng ch\u1ecbu s\u1ed1c nhi\u1ec7t, b\u1ec1 m\u1eb7t nh\u00e1m m\u1edd sau khi ho\u00e0n thi\u1ec7n. L\u00e0 lo\u1ea1i v\u1eadt li\u1ec7u c\u00f3 t\u00ednh d\u1ebbo dai v\u00e0 c\u01a1 h\u1ecdc cao, kh\u00e1ng ho\u00e1 ch\u1ea5t, ch\u1ed1ng tr\u01b0\u1ee3t v\u00e0 ch\u1ecbu \u0111\u01b0\u1ee3c s\u1ef1 thay \u0111\u1ed5i nhi\u1ec7t \u0111\u1ed9 \u0111\u1ed9t ng\u1ed9t.<\/td>\n<\/tr>\n<tr>\n<td width=\"16%\"><strong>\u0110\u1eb7c t\u00ednh<\/strong><\/td>\n<td width=\"85%\">Nh\u1eefng khu v\u1ef1c s\u00e0n c\u00f4ng nghi\u1ec7p c\u1ea7n c\u00e1c ti\u00eau chu\u1ea9n v\u00e0 GMP, HYGIENE, HACCP th\u01b0\u1eddng xuy\u00ean b\u1ecb \u1ea9m \u01b0\u1edbt nh\u01b0 th\u1ef1c ph\u1ea9m, n\u01b0\u1edbc gi\u1ea3i kh\u00e1t, h\u1ea3i s\u1ea3n, nh\u00e0 b\u1ebfp, kho l\u1ea1nh, ph\u00f2ng c\u1ea5p \u0111\u00f4ng, ch\u1ebf bi\u1ebfn d\u1ea7u c\u1ecd v\u00e0 c\u00e1c nh\u00e0 m\u00e1y \u0111\u00f3ng g\u00f3i.<\/td>\n<\/tr>\n<tr>\n<td width=\"16%\"><strong>Th\u00f4ng s\u1ed1 k\u1ef9 thu\u1eadt<\/strong><\/td>\n<td width=\"85%\">\n<table>\n<tbody>\n<tr>\n<td colspan=\"2\" width=\"643\"><strong>D\u1eee LI\u1ec6U V\u1eacT L\u00dd<\/strong><\/td>\n<\/tr>\n<tr>\n<td width=\"378\">C\u01b0\u1eddng \u0111\u1ed9 l\u1ef1c k\u00e9o u\u1ed1n DIN EN 196 \/ ASTM C 190<\/td>\n<td width=\"265\">12 N\/mm\u00b2<\/td>\n<\/tr>\n<tr>\n<td width=\"378\">C\u01b0\u1eddng \u0111\u1ed9 n\u00e9n DIN EN 196 \/ ASTM C 190<\/td>\n<td width=\"265\">&gt; 55 N\/mm\u00b2<\/td>\n<\/tr>\n<tr>\n<td width=\"378\">C\u01b0\u1eddng \u0111\u1ed9 k\u00e9o d\u00ednh DIN ISO 4624<\/td>\n<td width=\"265\">&gt; 3,5 N\/mm\u00b2<\/td>\n<\/tr>\n<tr>\n<td width=\"378\">\u0110\u1ec1 kh\u00e1ng m\u00e0i m\u00f2n DIN 53754 \/ ASTM D 1044: 0,1 g\/1000 v\u00f2ng<\/td>\n<td width=\"265\">0,1 g\/1000 v\u00f2ng<\/td>\n<\/tr>\n<tr>\n<td width=\"378\">\u0110\u1ed9 c\u1ee9ng Shore-DDIN 53505\/ASTM D 2240<\/td>\n<td width=\"265\">80<\/td>\n<\/tr>\n<tr>\n<td width=\"378\">\u0110\u1ed9 b\u1ec1n ti\u1ebfp x\u00fac \u00e1nh s\u00e1ng DIN EN ISO 105-B02<\/td>\n<td width=\"265\">6 (T\u1ec9 l\u1ec7 1 \u2013 8, 8 l\u00e0 t\u1ed1t nh\u1ea5t)<\/td>\n<\/tr>\n<tr>\n<td width=\"378\">Ph\u1ea1m vi nhi\u1ec7t \u0111\u1ed9<\/td>\n<td width=\"265\">3mm : 5\u2070C ~ 80\u2070C v\u00e0 6mm : -5\u2070C ~ 100\u2070C<\/td>\n<\/tr>\n<tr>\n<td width=\"378\">\u1ee8ng su\u1ea5t u\u1ed1n<\/td>\n<td width=\"265\">21MPa<\/td>\n<\/tr>\n<tr>\n<td width=\"378\">\u0110\u1ed9 b\u00e1m d\u00ednh<\/td>\n<td width=\"265\">&gt;2.0 MPa<\/td>\n<\/tr>\n<tr>\n<td width=\"378\">\u1ee8ng su\u1ea5t c\u0103ng<\/td>\n<td width=\"265\">25 MPa<\/td>\n<\/tr>\n<tr>\n<td width=\"378\">T\u1ec9 tr\u1ecdng h\u1ed7n h\u1ee3p ( 28C ) g\/cm\u00b3<\/td>\n<td width=\"265\">1.9g\/ml<\/td>\n<\/tr>\n<tr>\n<td width=\"378\">\u1ee8ng su\u1ea5t n\u00e9n (28 ng\u00e0y)<\/td>\n<td width=\"265\">50N\/mm<\/td>\n<\/tr>\n<tr>\n<td width=\"378\">H\u00e0m l\u01b0\u1ee3ng ch\u1ea5t \u0111\u00f3ng r\u1eafn<\/td>\n<td width=\"265\">100%<\/td>\n<\/tr>\n<tr>\n<td width=\"378\">Th\u1eddi gian \u0111\u00f3ng r\u1eafn<\/p>\n<p>&nbsp;<\/td>\n<td width=\"265\">\n<table width=\"705\">\n<tbody>\n<tr>\n<td width=\"176\"><\/td>\n<td width=\"176\">15\u00b0C<\/td>\n<td width=\"176\">25\u00b0C<\/td>\n<td width=\"176\">32\u00b0C<\/td>\n<\/tr>\n<tr>\n<td>Ng\u01b0\u1eddi \u0111i l\u1ea1i<\/td>\n<td>36 gi\u1edd<\/td>\n<td>30 gi\u1edd<\/td>\n<td>24 gi\u1edd<\/td>\n<\/tr>\n<tr>\n<td>Xe t\u1ea3i tr\u1ecdng<\/td>\n<td>48 gi\u1edd<\/td>\n<td>36 gi\u1edd<\/td>\n<td>30 gi\u1edd<\/td>\n<\/tr>\n<tr>\n<td>Kh\u00f4 ho\u00e0n to\u00e0n<\/td>\n<td>7 ng\u00e0y<\/td>\n<td>6 ng\u00e0y<\/td>\n<td>5 ng\u00e0y<\/td>\n<\/tr>\n<\/tbody>\n<\/table>\n<\/td>\n<\/tr>\n<tr>\n<td width=\"378\">Kh\u1ea3 n\u0103ng kh\u00e1ng h\u00f3a ch\u1ea5t<\/td>\n<td width=\"265\">\n<table width=\"705\">\n<tbody>\n<tr>\n<td width=\"176\">HO\u00c1 CH\u1ea4T<\/td>\n<td width=\"176\">N\u1ed2NG \u0110\u1ed8<\/td>\n<td width=\"176\">NHI\u1ec6T \u0110\u1ed8 (\u00b0C)<\/td>\n<td width=\"176\">\u0110\u00c1NH GI\u00c1<\/td>\n<\/tr>\n<tr>\n<td>Acetic Acid<\/td>\n<td>10%<\/td>\n<td>28\u00b0C<\/td>\n<td>Tuy\u1ec7t v\u1eddi<\/td>\n<\/tr>\n<tr>\n<td>Bia<\/td>\n<td>&#8211;<\/td>\n<td>28\u00b0C<\/td>\n<td>Tuy\u1ec7t v\u1eddi<\/td>\n<\/tr>\n<tr>\n<td>M\u00e1u<\/td>\n<td>&#8211;<\/td>\n<td>28\u00b0C<\/td>\n<td>Tuy\u1ec7t v\u1eddi<\/td>\n<\/tr>\n<tr>\n<td>Citric Acid<\/td>\n<td>20%<\/td>\n<td>28\u00b0C<\/td>\n<td>Tuy\u1ec7t v\u1eddi<\/td>\n<\/tr>\n<tr>\n<td>Dung m\u00f4i acid<\/td>\n<td>T\u1ea5t c\u1ea3<\/td>\n<td>28\u00b0C<\/td>\n<td>Tuy\u1ec7t v\u1eddi<\/td>\n<\/tr>\n<tr>\n<td>Dung m\u00f4i ki\u1ec1m<\/td>\n<td>T\u1ea5t c\u1ea3<\/td>\n<td>28\u00b0C<\/td>\n<td>Tuy\u1ec7t v\u1eddi<\/td>\n<\/tr>\n<tr>\n<td>D\u1ea7u \u0111\u1ed9ng\/th\u1ef1c v\u1eadt<\/td>\n<td>&#8211;<\/td>\n<td>28\u00b0C<\/td>\n<td>Tuy\u1ec7t v\u1eddi<\/td>\n<\/tr>\n<tr>\n<td>D\u1ea7u c\u00e1<\/td>\n<td>&#8211;<\/td>\n<td>28\u00b0C<\/td>\n<td>Tuy\u1ec7t v\u1eddi<\/td>\n<\/tr>\n<tr>\n<td>Lactic Acid<\/td>\n<td>5%<\/td>\n<td>28\u00b0C<\/td>\n<td>Tuy\u1ec7t v\u1eddi<\/td>\n<\/tr>\n<tr>\n<td>D\u1ea7u diesel<\/td>\n<td>&#8211;<\/td>\n<td>28\u00b0C<\/td>\n<td>Tuy\u1ec7t v\u1eddi<\/td>\n<\/tr>\n<tr>\n<td>D\u1ea7u nh\u1eddn<\/td>\n<td>&#8211;<\/td>\n<td>28\u00b0C<\/td>\n<td>Tuy\u1ec7t v\u1eddi<\/td>\n<\/tr>\n<tr>\n<td>D\u1ea7u kho\u00e1ng<\/td>\n<td>&#8211;<\/td>\n<td>28\u00b0C<\/td>\n<td>Tuy\u1ec7t v\u1eddi<\/td>\n<\/tr>\n<tr>\n<td>\u0110\u01b0\u1eddng<\/td>\n<td>100%<\/td>\n<td>28\u00b0C<\/td>\n<td>Tuy\u1ec7t v\u1eddi<\/td>\n<\/tr>\n<tr>\n<td>NaOH<\/td>\n<td>50%<\/td>\n<td>28\u00b0C<\/td>\n<td>Tuy\u1ec7t v\u1eddi<\/td>\n<\/tr>\n<tr>\n<td>Na2SO4<\/td>\n<td>T\u1ea5t c\u1ea3<\/td>\n<td>28\u00b0C<\/td>\n<td>Tuy\u1ec7t v\u1eddi<\/td>\n<\/tr>\n<\/tbody>\n<\/table>\n<\/td>\n<\/tr>\n<tr>\n<td rowspan=\"2\" width=\"378\">\u0110\u1ed9 ph\u1ee7 l\u00fd thuy\u1ebft:<\/td>\n<td width=\"265\">1m2 s\u00e0n ti\u00eau hao h\u1ebft 6kg s\u01a1n ph\u1ee7 epoxy KCC I-Krete MF<\/td>\n<\/tr>\n<tr>\n<td width=\"265\">1m2 s\u00e0n ti\u00eau hao h\u1ebft 12kg S\u01a1n ph\u1ee7 epoxy KCC I-Krete HF<\/td>\n<\/tr>\n<\/tbody>\n<\/table>\n<p>&nbsp;<\/td>\n<\/tr>\n<tr>\n<td width=\"16%\"><strong>Chu\u1ea9n b\u1ecb b\u1ec1 m\u1eb7t<\/strong><\/td>\n<td width=\"85%\">Tr\u01b0\u1edbc khi thi c\u00f4ng KCC Crete MF ( 4part) , b\u1ec1 m\u1eb7t b\u00ea t\u00f4ng ho\u1eb7c l\u1edbp l\u00f3t ph\u1ea3i c\u00f3 \u1ee9ng su\u1ea5t n\u00e9n t\u1ed1i thi\u1ec3u 25N\/mm\u00b2 v\u00e0 \u1ee9ng su\u1ea5t k\u00e9o t\u1ed1i thi\u1ec3u 1.5N\/mm\u00b2.<\/p>\n<p>B\u1ec1 m\u1eb7t ph\u1ea3i s\u1ea1ch, d\u1ea7u, b\u1ee5i, ho\u00e1 ch\u1ea5t, s\u01a1n d\u01b0, t\u1ea3o v\u00e0 c\u00e1c ch\u1ea5t g\u00e2y \u00f4 nhi\u1ec5m ph\u1ea3i \u0111\u01b0\u1ee3c lo\u1ea1i b\u1ecf.<\/p>\n<p>B\u1ec1 m\u1eb7t ph\u1ea3i kh\u00f4 v\u00e0 kh\u00f4ng ch\u1ecbu \u00e1p l\u1ef1c n\u01b0\u1edbc ng\u1ea7m<\/p>\n<p>N\u1ebfu \u0111\u1ed9 \u1ea9m b\u1ec1 m\u1eb7t tr\u00ean 7%, s\u1eed d\u1ee5ng Epoxy Mortar (\u1ee9ng su\u1ea5t n\u00e9n 80N\/mm\u00b2) d\u00e0y 4-5mm nh\u01b0 m\u1ed9t l\u1edbp ng\u0103n \u1ea9m.<\/p>\n<p>B\u1ec1 m\u1eb7t ph\u1ea3i \u0111\u01b0\u1ee3c chu\u1ea9n b\u1ecb b\u1eb1ng ph\u01b0\u01a1ng ph\u00e1p phun ch\u00e2n kh\u00f4ng, m\u00e0i b\u1ecf c\u00e1c ph\u1ea7n d\u01b0.<\/p>\n<p>C\u00e1c v\u1ebft n\u1ee9t, khe r\u1ed7ng n\u00ean \u0111\u01b0\u1ee3c s\u1eeda ch\u1eefa \u0111\u00fang c\u00e1ch.<\/p>\n<p>C\u1eaft t\u1ea1o khe theo k\u00edch th\u01b0\u1edbc 3mm x 3 mm t\u1ea1i v\u1ecb tr\u00ed c\u00e1c c\u1ea1nh, c\u1ed9t, c\u1eeda \u0111\u1ec3 t\u1ea1o ch\u00e2n b\u00e1m.<\/p>\n<p>Kh\u00f4ng thi c\u00f4ng khi \u0111\u1ed9 \u1ea9m t\u01b0\u01a1ng \u0111\u1ed1i c\u1ee7a kh\u00f4ng kh\u00ed tr\u00ean 90%<\/p>\n<p>\u0110\u1ed9 \u1ea9m b\u1ec1 m\u1eb7t d\u01b0\u1edbi 5% so v\u1edbi \u0111i\u1ec3m \u0111\u1eadm s\u01b0\u01a1ng.<\/p>\n<p>Kh\u00f4ng thi c\u00f4ng khi nhi\u1ec7t \u0111\u1ed9 kh\u00f4ng kh\u00ed d\u01b0\u1edbi 5\u00b0C ho\u1eb7c tr\u00ean 40\u00b0C.<\/td>\n<\/tr>\n<tr>\n<td width=\"16%\"><em>\u00a0<\/em><\/p>\n<p><em>\u00a0<\/em><\/p>\n<p><strong>Thi c\u00f4ng<\/strong><\/td>\n<td width=\"85%\">Tr\u01b0\u1edbc khi thi c\u00f4ng KCC Crete MF ( 4part) n\u00ean l\u1eafc k\u1ef9 ph\u1ea7n A v\u00e0 \u0111\u1ed5 v\u00e0o m\u1ed9t c\u00e1i th\u00f9ng tr\u1ed9n l\u1edbn;<\/p>\n<p>\u0110\u1ed5 ph\u1ea7n B v\u00e0o chung v\u1edbi ph\u1ea7n A v\u00e0 tr\u1ed9n \u0111\u1ec1u kho\u1ea3ng 5 gi\u00e2y b\u1eb1ng thi\u1ebft b\u1ecb tr\u1ed9n th\u00edch h\u1ee3p (c\u00f4ng su\u1ea5t 750W)<\/p>\n<p>Khi \u0111\u00f3 cho th\u00eam ph\u1ea7n Colour Filler CS-2 (2kg) v\u00e0 tr\u1ed9n th\u00eam \u00edt nh\u1ea5t 5 gi\u00e2y,<\/p>\n<p>Sau \u0111\u00f3 th\u00eam ph\u1ea7n Plain Filler C-12 (12kg) r\u1ed3i ti\u1ebfp t\u1ee5c tr\u1ed9n \u00edt nh\u1ea5t 1 ph\u00fat cho \u0111\u1ebfn khi h\u1ed7n h\u1ee3p \u0111\u1ea1t \u0111\u01b0\u1ee3c \u0111\u1ed9 \u0111\u1ed3ng nh\u1ea5t.<\/p>\n<p>D\u00f9ng Epoxy Primer \u0111\u1ec3 v\u00e1 v\u00e0 kh\u1eafc ph\u1ee5c khuy\u1ebft \u0111i\u1ec3m b\u1ec1 m\u1eb7t s\u00e0n.<\/p>\n<p>Trong v\u00f2ng 14~18 gi\u1edd khi Epoxy Primer kh\u00f4; ch\u1ec9 thi c\u00f4ng KCC PAINT CRETE MF nh\u01b0 m\u1ed9t l\u1edbp \u0111\u1ec7m v\u1edbi \u0111\u1ed9 d\u00e0y 1 mm.<\/p>\n<p>Trong v\u00f2ng 14 ~18 gi\u1edd khi l\u1edbp \u0111\u1ec7m KCC PAINT CRETE MF kh\u00f4; ch\u1ec9 cho ph\u00e9p thi c\u00f4ng l\u1edbp ph\u1ee7 KCC PAINT CRETE MF l\u00ean tr\u00ean l\u1edbp \u0111\u1ec7m KCC PAINT CRETE MF.<\/p>\n<p>Thi c\u00f4ng l\u1edbp ph\u1ee7 t\u1ef1 tr\u1ea3i ph\u1eb3ng KCC Crete MF ( 4part) trong v\u00f2ng 20 ph\u00fat tr\u01b0\u1edbc khi v\u1eadt li\u1ec7u \u0111\u00f3ng r\u1eafn.<\/p>\n<p>\u0110\u1ed5 v\u1eadt li\u1ec7u ra s\u00e0n, d\u00f9ng b\u00e0n c\u00e0o \u0111\u1ec3 k\u00e9o v\u00e0 ph\u00e2n ph\u1ed1i \u0111\u1ec1u theo \u0111\u1ecbnh m\u1ee9c, sau \u0111\u00f3 l\u0103n rulo gai ph\u00e1 b\u1ecdt kh\u00ed.<\/td>\n<\/tr>\n<tr>\n<td width=\"16%\"><strong>D\u1ee5ng c\u1ee5 thi c\u00f4ng <\/strong><\/td>\n<td width=\"85%\">Qu\u1ea7n \u00e1o b\u1ea3o h\u1ed9 lao \u0111\u1ed9ng<\/p>\n<p>\u0110eo g\u0103ng tay<\/p>\n<p>\u0110eo kh\u1ea9u trang v\u00e0 k\u00ednh m\u1eaft<\/p>\n<p>S\u01a1n l\u00f3t KCC Epoxy Supro Primer<\/p>\n<p>V\u1eefa polyurethane t\u1ef1 ph\u1eb3ng KCC Crete MF ( 4part)<\/p>\n<p>V\u00e0 c\u00e1c d\u1ee5ng c\u1ee5 c\u1ea7n thi\u1ebft kh\u00e1c<\/td>\n<\/tr>\n<tr>\n<td width=\"16%\"><strong>\u0110\u00f3ng g\u00f3i<\/strong><\/td>\n<td width=\"85%\">S\u01a1n ph\u1ee7 epoxy KCC I-Krete MF \u0111\u00f3ng g\u00f3i 20Kg\/B\u1ed9 trong \u0111\u00f3 th\u00e0nh ph\u1ea7n A = 3kg, th\u00e0nh ph\u1ea7n B = 3kg v\u00e0 th\u00e0nh ph\u1ea7n C = 14kg<\/td>\n<\/tr>\n<tr>\n<td width=\"16%\"><strong>L\u01b0u \u00fd<\/strong><\/td>\n<td width=\"85%\">\u0110\u1ec3 KCC Crete MF ( 4part) tr\u00e1nh xa t\u1ea7m tay c\u1ee7a tr\u1ebb em<\/p>\n<p>M\u1eb7c \u0111\u1ed3 b\u1ea3o h\u1ed9, \u0111eo g\u0103ng tay, kh\u1ea9u trang v\u00e0 k\u00ednh m\u1eaft<\/p>\n<p>Tr\u00e1nh \u0111\u1ec3 v\u1eefa d\u00ednh l\u00ean m\u1eaft, m\u0169i, mi\u1ec7ng v\u00e0 da<\/p>\n<p>Kh\u00f4ng \u0111\u01b0\u1ee3c \u0103n u\u1ed1ng hay h\u00fat thu\u1ed1c khi \u0111ang s\u1eed d\u1ee5ng<\/p>\n<p>Khi d\u00f9ng xong n\u00ean v\u1ee9t r\u00e1c \u0111\u00fang n\u01a1i quy \u0111\u1ecbnh c\u1ee7a \u0111\u1ecba ph\u01b0\u01a1ng<\/p>\n<p>Ho\u1eb7c kh\u00f4ng \u0111\u00f9ng h\u1ebft th\u00ec ph\u1ea3i \u0111\u00f3ng k\u00edn l\u1ea1i v\u00e0 b\u1ea3o qu\u1ea3n \u0111\u00fang c\u00e1ch<\/p>\n<p>C\u00f4ng tr\u01b0\u1eddng ho\u1eb7c khu v\u1ef1c thi c\u00f4ng ph\u1ea3i \u1edf trong \u0111i\u1ec1u ki\u1ec7n tho\u00e1ng gi\u00f3; n\u1ebfu kh\u00f4ng th\u00ec ph\u1ea3i s\u1eed d\u1ee5ng c\u00e1c qu\u1ea1t h\u00fat v\u00e0 th\u1ed5i.<\/p>\n<p>Trong tr\u01b0\u1eddng h\u1ee3p d\u00ednh l\u00ean m\u1eaft th\u00ec ph\u1ea3i r\u1eeda ngay v\u1edbi n\u01b0\u1edbc s\u1ea1ch<\/p>\n<p>Ho\u1eb7c c\u00f3 tri\u1ec7u ch\u1ee9ng b\u1ea5t th\u01b0\u1eddng th\u00ec \u0111\u1ebfn g\u1eb7p b\u00e1c s\u0129 n\u01a1i g\u1ea7n nh\u1ea5t \u0111\u1ec3 \u0111\u01b0\u1ee3c chu\u1ea9n \u0111o\u00e1n k\u1ecbp th\u1eddi<\/td>\n<\/tr>\n<tr>\n<td width=\"16%\"><strong>S\u1ee9c kh\u1ecfe v\u00e0 an to\u00e0n<\/strong><\/td>\n<td width=\"85%\">B\u1ea3o v\u1ec7 da v\u00e0 m\u1eaft, v\u00e0 tr\u00e1nh h\u00edt v\u00e0o h\u01a1i c\u1ee7a dung m\u00f4i.<\/p>\n<p>S\u1eed d\u1ee5ng \u0111\u1ea7y \u0111\u1ee7 th\u00f4ng gi\u00f3<\/p>\n<p>Khuy\u1ebfn c\u00e1o n\u00ean b\u1ea3o v\u1ec7 h\u00f4 h\u1ea5p khi thi c\u00f4ng s\u1ea3n ph\u1ea9m trong khu v\u1ef1c gi\u1edbi h\u1ea1n hay khu v\u1ef1c thi\u1ebfu kh\u00f4ng kh\u00ed.<\/p>\n<p>Trong h\u1ed7n h\u1ee3p c\u00f3 ch\u1ee9a dung m\u00f4i d\u1ec5 ch\u00e1y, khi v\u1eadn chuy\u1ec3n, s\u1eed d\u1ee5ng, hay \u0111\u1ec3 trong nh\u00e0<\/p>\n<p>kho n\u00ean \u0111\u1ec3 tr\u00e1nh xa c\u00e1c ngu\u1ed3n l\u1eeda, n\u01a1i d\u1ec5 b\u1eaft ch\u00e1y.<\/p>\n<p>N\u00ean l\u01b0u tr\u1eef n\u01a1i kh\u00f4 r\u00e1o, \u0111\u00f3ng ch\u1eb7t n\u1eafp th\u00f9ng sau khi s\u1eed d\u1ee5ng.<\/td>\n<\/tr>\n<\/tbody>\n<\/table>\n<p>Xem th\u00eam: <span style=\"color: #0000ff;\"><strong><a style=\"color: #0000ff;\" href=\"https:\/\/sonsanepoxy.com.vn\/son-epoxy-la-gi\/\">S\u01a1n Epoxy<\/a><\/strong><\/span><\/p>\n<p>&nbsp;<\/p>\n","protected":false},"excerpt":{"rendered":"<p>M\u00f4 t\u1ea3 &amp; \u1ee8ng d\u1ee5ng KCC PAINT CRETE MF l\u00e0 lo\u1ea1i v\u1eadt li\u1ec7u \u0111\u1ed5 s\u00e0n t\u1ef1 san ph\u1eb3ng, g\u1ed1c v\u1eefa polyurethane, c\u00f3 kh\u1ea3 n\u0103ng ch\u1ecbu s\u1ed1c nhi\u1ec7t, b\u1ec1 m\u1eb7t nh\u00e1m m\u1edd sau khi ho\u00e0n thi\u1ec7n. L\u00e0 lo\u1ea1i v\u1eadt li\u1ec7u c\u00f3 t\u00ednh d\u1ebbo dai v\u00e0 c\u01a1 h\u1ecdc cao, kh\u00e1ng ho\u00e1 ch\u1ea5t, ch\u1ed1ng tr\u01b0\u1ee3t v\u00e0 ch\u1ecbu \u0111\u01b0\u1ee3c [&#8230;]\n","protected":false},"featured_media":151,"comment_status":"open","ping_status":"closed","template":"","meta":[],"product_brand":[],"product_cat":[17,19],"product_tag":[],"class_list":{"0":"post-94","1":"product","2":"type-product","3":"status-publish","4":"has-post-thumbnail","6":"product_cat-hang-son","7":"product_cat-son-epoxy-kcc","9":"first","10":"instock","11":"shipping-taxable","12":"purchasable","13":"product-type-variable"},"_links":{"self":[{"href":"https:\/\/sonsanepoxy.vn\/index.php\/wp-json\/wp\/v2\/product\/94","targetHints":{"allow":["GET"]}}],"collection":[{"href":"https:\/\/sonsanepoxy.vn\/index.php\/wp-json\/wp\/v2\/product"}],"about":[{"href":"https:\/\/sonsanepoxy.vn\/index.php\/wp-json\/wp\/v2\/types\/product"}],"replies":[{"embeddable":true,"href":"https:\/\/sonsanepoxy.vn\/index.php\/wp-json\/wp\/v2\/comments?post=94"}],"wp:featuredmedia":[{"embeddable":true,"href":"https:\/\/sonsanepoxy.vn\/index.php\/wp-json\/wp\/v2\/media\/151"}],"wp:attachment":[{"href":"https:\/\/sonsanepoxy.vn\/index.php\/wp-json\/wp\/v2\/media?parent=94"}],"wp:term":[{"taxonomy":"product_brand","embeddable":true,"href":"https:\/\/sonsanepoxy.vn\/index.php\/wp-json\/wp\/v2\/product_brand?post=94"},{"taxonomy":"product_cat","embeddable":true,"href":"https:\/\/sonsanepoxy.vn\/index.php\/wp-json\/wp\/v2\/product_cat?post=94"},{"taxonomy":"product_tag","embeddable":true,"href":"https:\/\/sonsanepoxy.vn\/index.php\/wp-json\/wp\/v2\/product_tag?post=94"}],"curies":[{"name":"wp","href":"https:\/\/api.w.org\/{rel}","templated":true}]}}