{"id":54,"date":"2026-05-05T08:18:27","date_gmt":"2026-05-05T08:18:27","guid":{"rendered":"https:\/\/sonsanepoxy.vn\/?post_type=product&#038;p=54"},"modified":"2026-05-05T08:20:00","modified_gmt":"2026-05-05T08:20:00","slug":"son-epoxy-samhwa-spiseal-urethane-sealant","status":"publish","type":"product","link":"https:\/\/sonsanepoxy.vn\/index.php\/san-pham\/son-epoxy-samhwa-spiseal-urethane-sealant\/","title":{"rendered":"S\u01a1n Epoxy Samhwa SPISEAL URETHANE SEALANT"},"content":{"rendered":"<table width=\"102%\">\n<tbody>\n<tr>\n<td width=\"16%\">\n<p style=\"text-align: justify;\"><strong>M\u00f4 t\u1ea3 &amp; \u1ee8ng d\u1ee5ng<\/strong><\/p>\n<\/td>\n<td style=\"text-align: justify;\" width=\"85%\">SPISEAL URETHANE SEALANT \u0111\u01b0\u1ee3c t\u1ea1o th\u00e0nh b\u1edfi nh\u1ef1a urethane, l\u00e0 d\u00f2ng s\u01a1n hai th\u00e0nh ph\u1ea7n v\u1edbi \u0111\u1ed9 \u0111\u00e0n h\u1ed3i, \u0111\u1ed9 b\u1ec1n, \u0111\u1ed9 \u0103n m\u00f2n, c\u00f3 th\u1ec3 ch\u1ecbu \u0111\u01b0\u1ee3c l\u1ef1c k\u00e9o cao v\u00e0 t\u00ednh ch\u1ea5t v\u1eadt l\u00fd tuy\u1ec7t v\u1eddi. \u0110\u1ed9 ph\u1ee5c h\u1ed3i v\u00e0 \u0111\u00e0n h\u1ed3i cao, gi\u1ea3m s\u1ef1 thay \u0111\u1ed5i ch\u1ee9c n\u0103ng c\u1ee7a c\u00e1c v\u1eadt li\u1ec7u \u0111\u01b0\u1ee3c ph\u1ee7.<\/p>\n<p>SPISEAL URETHANE SEALANT s\u1ebd kh\u00f4ng b\u1ecb co l\u1ea1i sau khi kh\u00f4 c\u1ee9ng m\u00e0 v\u1eabn gi\u1eef \u0111\u01b0\u1ee3c s\u1ef1 linh ho\u1ea1t nh\u01b0 l\u00fac ban \u0111\u1ea7u. T\u1eeb \u0111\u00f3 mang l\u1ea1i s\u1ef1 \u0111\u1ec1 kh\u00e1ng m\u1ea1nh m\u1ebb v\u1edbi c\u00e1c t\u00e1c nh\u00e2n g\u00e2y co gi\u00e3n. D\u00f3 \u0111\u00f3 SPISEAL URETHANE SEALANT c\u00f3 th\u1ec3 l\u00e0m l\u1edbp s\u01a1n ho\u00e0n thi\u1ec7n th\u1ec3 hi\u1ec7n qua s\u1ef1 b\u00e1m d\u00ednh ho\u00e0n h\u1ea3o v\u1edbi xi m\u0103ng v\u00e0 nh\u1ef1a.<\/p>\n<p>D\u00f9ng l\u00e0m l\u1edbp ph\u1ee7 b\u1ec1 m\u1eb7t cho b\u00ea t\u00f4ng v\u00e0 nh\u1ef1a.<\/p>\n<p>\u0110\u01b0\u1ee3c s\u1eed d\u1ee5ng tr\u00ean c\u00e1c kh\u1edbp b\u00ea t\u00f4ng, g\u1ea1ch, th\u00e9p, \u0111\u00e1.<\/p>\n<p>S\u1eeda ch\u1eefa c\u00e1c l\u1ed7 h\u1ed5ng, kh\u1edbp v\u00e0 \u0111i\u1ec3m ch\u1ed1ng th\u1ea5m c\u1ee7a s\u00e0n v\u00e0 t\u01b0\u1eddng nh\u00e0.<\/p>\n<p>Cho c\u00e1c kh\u1edbp n\u1ed1i k\u00edn c\u1ee7a \u1ed1ng n\u01b0\u1edbc, \u1ed1ng th\u00f4ng gi\u00f3 v\u00e0 c\u00e1c b\u1ed9 ph\u1eadn c\u00f3 c\u01b0\u1eddng \u0111\u1ed9 ho\u1ea1t \u0111\u1ed9ng cao kh\u00e1c.<\/td>\n<\/tr>\n<tr style=\"text-align: justify;\">\n<td width=\"16%\"><strong>\u0110\u1eb7c t\u00ednh<\/strong><\/td>\n<td width=\"85%\">\u0110\u1ed9 b\u00e1m d\u00ednh cao tr\u00ean n\u1ec1n kim l\u1ecdai, b\u00ea t\u00f4ng<\/p>\n<p>Ch\u1ecbu m\u00e0i m\u00f2n, va \u0111\u1eadp, ch\u1ecbu \u1ea9m, ch\u1ecbu h\u00f3a ch\u1ea5t, b\u1ec1n m\u00e0u, ch\u1ed1ng r\u00eau m\u1ed1c.<\/p>\n<p>Kh\u1ea3 n\u0103ng ch\u1ecbu nhi\u1ec7t cao c\u00f3 th\u1ec3 s\u1eed d\u1ee5ng cho c\u00e1c b\u1ec1 m\u1eb7t b\u1ecb l\u00e0m n\u00f3ng l\u00ean \u0111\u1ebfn 100oC (kh\u00f4ng li\u00ean t\u1ee5c).<\/td>\n<\/tr>\n<tr style=\"text-align: justify;\">\n<td width=\"16%\"><strong>Th\u00f4ng s\u1ed1 k\u1ef9 thu\u1eadt<\/strong><\/td>\n<td width=\"85%\">\n<table>\n<tbody>\n<tr>\n<td colspan=\"2\" width=\"586\"><strong>D\u1eee LI\u1ec6U V\u1eacT L\u00dd<\/strong><\/td>\n<\/tr>\n<tr>\n<td width=\"208\">Ho\u00e0n th\u00e0nh<\/td>\n<td width=\"378\">B\u00f3ng<\/td>\n<\/tr>\n<tr>\n<td width=\"208\">M\u00e0u<\/td>\n<td width=\"378\">Tr\u1eafng, xanh, x\u00e1m<\/td>\n<\/tr>\n<tr>\n<td width=\"208\">S\u1eed d\u1ee5ng v\u1edbi<\/td>\n<td width=\"378\">B\u00ea t\u00f4ng v\u00e0 motar<\/td>\n<\/tr>\n<tr>\n<td width=\"208\">S\u1ed1 th\u00e0nh ph\u1ea7n<\/td>\n<td width=\"378\">2<\/td>\n<\/tr>\n<tr>\n<td width=\"208\">T\u1ec9 l\u1ec7 ch\u1ea5t r\u1eafn<\/td>\n<td width=\"378\">98\u00b12%<\/td>\n<\/tr>\n<tr>\n<td width=\"208\">S\u1ed1 l\u1edbp<\/td>\n<td width=\"378\">1~2<\/td>\n<\/tr>\n<tr>\n<td width=\"208\">T\u1ec9 l\u1ec7 tr\u1ed9n<\/td>\n<td width=\"378\">TPA: TPB = 1 : 3<\/td>\n<\/tr>\n<tr>\n<td width=\"208\">\u0110\u1ed9 ph\u1ee7 l\u00fd thuy\u1ebft<\/td>\n<td width=\"378\">156g (V\u1edbi \u0111\u1ed9 d\u00e0y l\u1edbp s\u01a1n 10mm, r\u1ed9ng 10mm v\u00e0 d\u00e0i 1000mm, ch\u01b0a bao g\u1ed3m hao h\u1ee5t trong thi c\u00f4ng v\u00e0 s\u1ef1 b\u1ea5t th\u01b0\u1eddng c\u1ee7a b\u1ec1 m\u1eb7t)<\/td>\n<\/tr>\n<tr>\n<td width=\"208\">Th\u1eddi gian kh\u00f4<\/td>\n<td width=\"378\">Kh\u00f4 c\u1ee9ng: 24 gi\u1edd<\/td>\n<\/tr>\n<tr>\n<td width=\"208\">S\u01a1n ch\u1ed3ng l\u1edbp m\u1edbi sau<\/td>\n<td width=\"378\">Sau 24~72 gi\u1edd<\/td>\n<\/tr>\n<tr>\n<td width=\"208\">V\u00f2ng \u0111\u1eddi h\u1ed7n h\u1ee3p sau tr\u1ed9n (20\u00baC)<\/td>\n<td width=\"378\">2~3 gi\u1edd<\/td>\n<\/tr>\n<tr>\n<td width=\"208\">Th\u1eddi gian l\u01b0u kho<\/td>\n<td width=\"378\">6 th\u00e1ng (khi l\u01b0u tr\u1eef trong kho \u1edf 5~35\u00baC)<\/td>\n<\/tr>\n<tr>\n<td width=\"208\">\u0110\u00f3ng g\u00f3i<\/td>\n<td width=\"378\">12Kg[3Kg\/9Kg]<\/td>\n<\/tr>\n<\/tbody>\n<\/table>\n<\/td>\n<\/tr>\n<tr style=\"text-align: justify;\">\n<td width=\"16%\"><strong>Chu\u1ea9n b\u1ecb b\u1ec1 m\u1eb7t<\/strong><\/td>\n<td width=\"85%\">B\u1ec1 m\u1eb7t kh\u00f4ng \u0111\u01b0\u1ee3c c\u00f3 b\u1ed9t xi m\u0103ng, b\u1ee5i, d\u1ea7u v\u00e0 c\u00e1c ch\u1ea5t b\u00e1m b\u1ea9n kh\u00e1c<\/p>\n<p>Nhi\u1ec7t \u0111\u1ed9 kh\u00f4ng kh\u00ed: 5~35\u00baC<\/p>\n<p>Nhi\u1ec7t \u0111\u1ed9 b\u1ec1 m\u1eb7t: d\u01b0\u1edbi 40\u00baC (Nhi\u1ec7t \u0111\u1ed9 b\u1ec1 m\u1eb7t ph\u1ea3i cao h\u01a1n \u0111i\u1ec3m s\u01b0\u01a1ng \u00edt nh\u1ea5t 3\u00baC \u0111\u1ec3 tr\u00e1nh t\u00ecnh tr\u1ea1ng ng\u01b0ng t\u1ee5 h\u01a1i n\u01b0\u1edbc)<\/p>\n<p>\u0110\u1ed9 \u1ea9m m\u00f4i tr\u01b0\u1eddng: d\u01b0\u1edbi 80%<\/td>\n<\/tr>\n<tr style=\"text-align: justify;\">\n<td width=\"16%\"><em>\u00a0<\/em><\/p>\n<p><em>\u00a0<\/em><\/p>\n<p><strong>Thi c\u00f4ng<\/strong><\/td>\n<td width=\"85%\">S\u01a1n l\u00f3t: Urecoat 100, Urethane Master 100 Primer.<\/p>\n<p>L\u1edbp trung gian: Urecoat 215, Urecoat 255, Urethane Master 200<\/td>\n<\/tr>\n<tr style=\"text-align: justify;\">\n<td width=\"16%\"><strong>D\u1ee5ng c\u1ee5 thi c\u00f4ng <\/strong><\/td>\n<td width=\"85%\">C\u00e0o r\u0103ng c\u01b0a, bay, m\u00e1y s\u01a1n ph\u1ee7<\/td>\n<\/tr>\n<tr style=\"text-align: justify;\">\n<td width=\"16%\"><strong>\u0110\u00f3ng g\u00f3i<\/strong><\/td>\n<td width=\"85%\">12L\/B\u1ed9<\/td>\n<\/tr>\n<tr style=\"text-align: justify;\">\n<td width=\"16%\"><strong>L\u01b0u \u00fd<\/strong><\/td>\n<td width=\"85%\">\u0110i\u1ec1u ki\u1ec7n b\u1ea3o qu\u00e1n:<\/p>\n<p>Nhi\u1ec7t \u0111\u1ed9 : 7 ~ 43 \u00baC<\/p>\n<p>\u0110\u1ed9 \u1ea9m: 0 ~ 100%<\/p>\n<p>Th\u1eddi gian b\u1ea3o qu\u1ea3n 12 th\u00e1ng ( b\u1ea3o qu\u1ea3n n\u01a1i m\u00e1t, kh\u00f4, th\u00f4ng gi\u00f3)<\/td>\n<\/tr>\n<tr style=\"text-align: justify;\">\n<td width=\"16%\"><strong>S\u1ee9c kh\u1ecfe v\u00e0 an to\u00e0n<\/strong><\/td>\n<td width=\"85%\">B\u1ea3o v\u1ec7 da v\u00e0 m\u1eaft, v\u00e0 tr\u00e1nh h\u00edt v\u00e0o h\u01a1i c\u1ee7a dung m\u00f4i.<\/p>\n<p>S\u1eed d\u1ee5ng \u0111\u1ea7y \u0111\u1ee7 th\u00f4ng gi\u00f3<\/p>\n<p>Khuy\u1ebfn c\u00e1o n\u00ean b\u1ea3o v\u1ec7 h\u00f4 h\u1ea5p khi thi c\u00f4ng s\u1ea3n ph\u1ea9m trong khu v\u1ef1c gi\u1edbi h\u1ea1n hay khu v\u1ef1c thi\u1ebfu kh\u00f4ng kh\u00ed.<\/p>\n<p>Trong h\u1ed7n h\u1ee3p c\u00f3 ch\u1ee9a dung m\u00f4i d\u1ec5 ch\u00e1y, khi v\u1eadn chuy\u1ec3n, s\u1eed d\u1ee5ng, hay \u0111\u1ec3 trong nh\u00e0<\/p>\n<p>kho n\u00ean \u0111\u1ec3 tr\u00e1nh xa c\u00e1c ngu\u1ed3n l\u1eeda, n\u01a1i d\u1ec5 b\u1eaft ch\u00e1y.<\/p>\n<p>N\u00ean l\u01b0u tr\u1eef n\u01a1i kh\u00f4 r\u00e1o, \u0111\u00f3ng ch\u1eb7t n\u1eafp th\u00f9ng sau khi s\u1eed d\u1ee5ng.<\/td>\n<\/tr>\n<\/tbody>\n<\/table>\n<p style=\"text-align: justify;\">Xem th\u00eam: <a href=\"https:\/\/sonsanepoxy.com.vn\/son-epoxy-la-gi\/\"><span style=\"color: #0000ff;\"><strong>S\u01a1n Epoxy<\/strong><\/span><\/a><\/p>\n","protected":false},"excerpt":{"rendered":"<p>SPISEAL URETHANE SEALANT \u0111\u01b0\u1ee3c t\u1ea1o th\u00e0nh b\u1edfi nh\u1ef1a urethane, l\u00e0 d\u00f2ng s\u01a1n hai th\u00e0nh ph\u1ea7n v\u1edbi \u0111\u1ed9 \u0111\u00e0n h\u1ed3i, \u0111\u1ed9 b\u1ec1n, \u0111\u1ed9 \u0103n m\u00f2n, c\u00f3 th\u1ec3 ch\u1ecbu \u0111\u01b0\u1ee3c l\u1ef1c k\u00e9o cao v\u00e0 t\u00ednh ch\u1ea5t v\u1eadt l\u00fd tuy\u1ec7t v\u1eddi. \u0110\u1ed9 ph\u1ee5c h\u1ed3i v\u00e0 \u0111\u00e0n h\u1ed3i cao, gi\u1ea3m s\u1ef1 thay \u0111\u1ed5i ch\u1ee9c n\u0103ng c\u1ee7a c\u00e1c v\u1eadt li\u1ec7u \u0111\u01b0\u1ee3c ph\u1ee7.<\/p>\n","protected":false},"featured_media":121,"comment_status":"open","ping_status":"closed","template":"","meta":[],"product_brand":[],"product_cat":[17,23],"product_tag":[],"class_list":{"0":"post-54","1":"product","2":"type-product","3":"status-publish","4":"has-post-thumbnail","6":"product_cat-hang-son","7":"product_cat-son-epoxy-samwha","9":"first","10":"instock","11":"shipping-taxable","12":"purchasable","13":"product-type-variable"},"_links":{"self":[{"href":"https:\/\/sonsanepoxy.vn\/index.php\/wp-json\/wp\/v2\/product\/54","targetHints":{"allow":["GET"]}}],"collection":[{"href":"https:\/\/sonsanepoxy.vn\/index.php\/wp-json\/wp\/v2\/product"}],"about":[{"href":"https:\/\/sonsanepoxy.vn\/index.php\/wp-json\/wp\/v2\/types\/product"}],"replies":[{"embeddable":true,"href":"https:\/\/sonsanepoxy.vn\/index.php\/wp-json\/wp\/v2\/comments?post=54"}],"wp:featuredmedia":[{"embeddable":true,"href":"https:\/\/sonsanepoxy.vn\/index.php\/wp-json\/wp\/v2\/media\/121"}],"wp:attachment":[{"href":"https:\/\/sonsanepoxy.vn\/index.php\/wp-json\/wp\/v2\/media?parent=54"}],"wp:term":[{"taxonomy":"product_brand","embeddable":true,"href":"https:\/\/sonsanepoxy.vn\/index.php\/wp-json\/wp\/v2\/product_brand?post=54"},{"taxonomy":"product_cat","embeddable":true,"href":"https:\/\/sonsanepoxy.vn\/index.php\/wp-json\/wp\/v2\/product_cat?post=54"},{"taxonomy":"product_tag","embeddable":true,"href":"https:\/\/sonsanepoxy.vn\/index.php\/wp-json\/wp\/v2\/product_tag?post=54"}],"curies":[{"name":"wp","href":"https:\/\/api.w.org\/{rel}","templated":true}]}}