{"id":26,"date":"2026-05-05T08:18:24","date_gmt":"2026-05-05T08:18:24","guid":{"rendered":"https:\/\/sonsanepoxy.vn\/?post_type=product&#038;p=26"},"modified":"2026-05-05T08:18:30","modified_gmt":"2026-05-05T08:18:30","slug":"son-epoxy-tu-san-phang-khong-dung-moi-joton-jona-level","status":"publish","type":"product","link":"https:\/\/sonsanepoxy.vn\/index.php\/san-pham\/son-epoxy-tu-san-phang-khong-dung-moi-joton-jona-level\/","title":{"rendered":"S\u01a1n epoxy t\u1ef1 san ph\u1eb3ng kh\u00f4ng dung m\u00f4i Joton Jona level"},"content":{"rendered":"<table style=\"height: 1292px; width: 106.529%; border-style: hidden;\" border=\"1\" cellspacing=\"1\" cellpadding=\"2\">\n<tbody>\n<tr style=\"height: 224px;\">\n<td style=\"width: 11.1258%; height: 224px;\" width=\"80\"><strong>M\u00f4 t\u1ea3 &amp; \u1ee8ng d\u1ee5ng<\/strong><\/td>\n<td style=\"width: 129.536%; height: 224px;\" width=\"660\">JONA\u00ae LEVEL PLUS l\u00e0 lo\u1ea1i s\u01a1n ph\u1ee7 cho s\u00e0n b\u00ea t\u00f4ng kh\u00f4ng ch\u1ee9a dung m\u00f4i, g\u1ed1c nh\u1ef1a Epoxy g\u1ed3m 2 th\u00e0nh ph\u1ea7n, t\u1ef1 d\u00e0n \u0111\u1ec1u, cho b\u1ec1 m\u1eb7t ho\u00e0n thi\u1ec7n li\u1ec1n m\u1ea1ch, c\u00f3 kh\u1ea3 n\u0103ng thi c\u00f4ng \u1edf nhi\u1ec1u \u0111\u1ed9 d\u00e0y kh\u00e1c nhau t\u00f9y m\u1ee5c \u0111\u00edch s\u1eed d\u1ee5ng cho t\u1eebng lo\u1ea1i s\u00e0n kh\u00e1c nhau.<\/p>\n<p>\u0110\u01b0\u1ee3c s\u1eed d\u1ee5ng trong nhi\u1ec1u l\u0129nh v\u1ef1c t\u1eeb s\u00e0n c\u00f4ng nghi\u1ec7p ch\u1ecbu t\u1ea3i tr\u1ecdng nh\u1eb9, trung b\u00ecnh v\u00e0 c\u00e1c lo\u1ea1i s\u00e0n c\u1ea7n s\u1ef1 b\u1ea3o v\u1ec7 l\u00e2u d\u00e0i ch\u1ed1ng h\u00f3a ch\u1ea5t, m\u00e0i m\u00f2n nh\u01b0: nh\u00e0 kho, ph\u00f2ng th\u00ed nghi\u1ec7m, nh\u00e0 x\u01b0\u1edfng, c\u00e1c nh\u00e0 m\u00e1y c\u00f4ng nghi\u1ec7p, b\u1ec7nh vi\u1ec7n.<\/p>\n<p>\u0110\u01b0\u1ee3c ch\u1ee9ng nh\u1eadn \u0111\u1ea1t\u00a0 Quy chu\u1ea9n k\u1ef9 thu\u1eadt qu\u1ed1c gia v\u1ec1 S\u1ea3n ph\u1ea9m, h\u00e0ng ho\u00e1 v\u1eadt li\u1ec7u x\u00e2y d\u1ef1ng QCVN<\/p>\n<p>16:2014\/BXD.<\/td>\n<\/tr>\n<tr style=\"height: 96px;\">\n<td style=\"width: 11.1258%; height: 96px;\" width=\"80\">&nbsp;<\/p>\n<p><strong>\u0110\u1eb7c t\u00ednh<\/strong><\/td>\n<td style=\"width: 129.536%; height: 96px;\" width=\"660\">Ch\u1ecbu l\u1ef1c, ch\u1ecbu va ch\u1ea1m, m\u00e0i m\u00f2n v\u00e0 h\u00f3a ch\u1ea5t r\u1ea5t t\u1ed1t v\u1edbi nhi\u1ec1u m\u00e0u s\u1eafc.<\/p>\n<p>C\u00f3 th\u1ec3 thi c\u00f4ng \u1edf \u0111\u1ed9 d\u00e0y t\u1eeb 1-3 mm (t\u00f9y ph\u01b0\u01a1ng ph\u00e1p thi c\u00f4ng).<\/td>\n<\/tr>\n<tr style=\"height: 468px;\">\n<td style=\"width: 11.1258%; height: 468px;\" width=\"80\"><strong>Th\u00f4ng s\u1ed1 k\u1ef9 thu\u1eadt<\/strong><\/td>\n<td style=\"width: 129.536%; height: 468px;\" width=\"660\">\n<table style=\"border-collapse: collapse; width: 100%; height: 344px;\">\n<tbody>\n<tr style=\"height: 23px;\">\n<td style=\"width: 50%; height: 23px;\">M\u00e0u s\u1eafc<\/td>\n<td style=\"width: 50%; height: 23px;\">Theo y\u00eau c\u1ea7u<\/td>\n<\/tr>\n<tr style=\"height: 23px;\">\n<td style=\"width: 50%; height: 23px;\">H\u00e0m l\u01b0\u1ee3ng r\u1eafn (sau ph\u1ed1i tr\u1ed9n)<\/td>\n<td style=\"width: 50%; height: 23px;\">min.90 %<\/td>\n<\/tr>\n<tr style=\"height: 23px;\">\n<td style=\"width: 50%; height: 23px;\">T\u1ef7 tr\u1ecdng (sau ph\u1ed1i tr\u1ed9n)<\/td>\n<td style=\"width: 50%; height: 23px;\">1.59 \uf0b1 0.10 g\/ml<\/td>\n<\/tr>\n<tr style=\"height: 23px;\">\n<td style=\"width: 50%; height: 23px;\">\u0110\u1ed9 ph\u1ee7 l\u00fd thuy\u1ebft<\/td>\n<td style=\"width: 50%; height: 23px;\">0.58 m2\/kg\/l\u1edbp 1mm.<\/td>\n<\/tr>\n<tr style=\"height: 23px;\">\n<td style=\"width: 50%; height: 23px;\">T\u1ef7 l\u1ec7 ph\u1ed1i tr\u1ed9n (A\/B\/C)<\/td>\n<td style=\"width: 50%; height: 23px;\">4\/1\/ (thi c\u00f4ng ngay sau khi ph\u1ed1i tr\u1ed9n)<\/td>\n<\/tr>\n<tr style=\"height: 23px;\">\n<td style=\"width: 50%; height: 23px;\">\u0110\u1ed9 d\u00e0y m\u00e0ng s\u01a1n<\/td>\n<td style=\"width: 50%; height: 23px;\">\u0110\u1ed9 d\u00e0y \u01b0\u1edbt: 1 \u2013 3 mm \u0110\u1ed9 d\u00e0y kh\u00f4: 1 \u2013 3 mm<\/td>\n<\/tr>\n<tr style=\"height: 95px;\">\n<td style=\"width: 50%; height: 95px;\">Th\u1eddi gian kh\u00f4 (230C)<\/td>\n<td style=\"width: 50%; height: 95px;\">Kh\u00f4 m\u1eb7t: Sau 3 gi\u1edd.<\/p>\n<p>Kh\u00f4 c\u1ee9ng: Sau 24 gi\u1edd.<\/td>\n<\/tr>\n<tr style=\"height: 23px;\">\n<td style=\"width: 50%; height: 23px;\">Th\u1eddi gian ph\u1ee7 l\u1edbp k\u1ebf ti\u1ebfp (230C)<\/td>\n<td style=\"width: 50%; height: 23px;\">T\u1ed1i thi\u1ec3u sau 16 gi\u1edd<\/td>\n<\/tr>\n<tr style=\"height: 23px;\">\n<td style=\"width: 50%; height: 23px;\">Th\u1eddi gian s\u1ed1ng (230C)<\/td>\n<td style=\"width: 50%; height: 23px;\">30 ph\u00fat, gi\u1ea3m \u1edf nhi\u1ec7t \u0111\u1ed9 cao h\u01a1n.<\/td>\n<\/tr>\n<tr style=\"height: 65px;\">\n<td style=\"width: 50%; height: 65px;\">VOC<\/p>\n<p>Ch\u1ea5t pha lo\u00e3ng\/ l\u00e0m s\u1ea1ch<\/td>\n<td style=\"width: 50%; height: 65px;\">T\u1ed1i \u0111a 200 g\/L<\/p>\n<p>JOTHINNER\u00ae 404\/ JOTHINNER\u00ae 305<\/td>\n<\/tr>\n<\/tbody>\n<\/table>\n<p>&nbsp;<\/td>\n<\/tr>\n<tr style=\"height: 504px;\">\n<td style=\"width: 11.1258%; height: 504px;\" width=\"80\"><strong>Chu\u1ea9n b\u1ecb b\u1ec1 m\u1eb7t<\/strong><\/td>\n<td style=\"width: 129.536%; height: 504px;\" width=\"660\"><u>Y\u00eau c\u1ea7u v\u1ec1 s\u00e0n<\/u>:<\/p>\n<p>C\u00e1c s\u00e0n b\u00ea t\u00f4ng m\u1edbi c\u1ea7n c\u00f3 t\u1ed1i thi\u1ec3u 28 ng\u00e0y \u0111\u1ec3 \u0111\u00f3ng r\u1eafn ho\u00e0n to\u00e0n tr\u01b0\u1edbc khi ti\u1ebfn h\u00e0nh s\u01a1n.<\/p>\n<p>\u0110\u1ed9 \u1ea9m t\u1ed1i thi\u1ec3u tr\u00ean b\u1ec1 m\u1eb7t kh\u00f4ng \u0111\u01b0\u1ee3c v\u01b0\u1ee3t qu\u00e1 4%.<\/p>\n<p>\u0110\u1ed9 \u1ea7m m\u00f4i tr\u01b0\u1eddng xung quanh kh\u00f4ng v\u01b0\u1ee3t qu\u00e1 85%.<\/p>\n<p>M\u00e1c b\u00ea t\u00f4ng ph\u1ea3i tu\u00e2n theo c\u00e1c ti\u00eau chu\u1ea9n v\u1ec1 b\u00ea t\u00f4ng nh\u01b0: t\u1ef7 l\u1ec7 n\u01b0\u1edbc\/xi m\u0103ng, c\u00e1c ch\u1ea5t ph\u1ee5 gia, c\u00e1c y\u00eau c\u1ea7u t\u1ed1i thi\u1ec3u v\u1ec1 xi m\u0103ng c\u0169ng nh\u01b0 c\u00e1c ch\u1ec9 ti\u00eau v\u1ec1 \u0111\u1ed9 b\u1ec1n.<\/p>\n<p><u>Chu\u1ea9n b\u1ecb b\u1ec1 m\u1eb7t<\/u>:<\/p>\n<p>T\u1ea5t c\u1ea3 c\u00e1c lo\u1ea1i b\u00ea t\u00f4ng b\u1ecb h\u01b0 h\u1ea1i, d\u00ednh h\u00f3a ch\u1ea5t, t\u1ea1p ch\u1ea5t b\u1ea9n \u0111\u1ec1u ph\u1ea3i \u0111\u01b0\u1ee3c l\u00e0m s\u1ea1ch ho\u00e0n to\u00e0n.<\/p>\n<p>B\u1ec1 m\u1eb7t b\u00ea t\u00f4ng ph\u1ea3i c\u00f3 \u0111\u1ed9 nh\u00e1m h\u1ee3p l\u00ed \u0111\u1ec3 \u0111\u1ea3m b\u1ea3o \u0111\u1ed9 b\u00e1m d\u00ednh t\u1ed1t. C\u00e1c s\u00e0n b\u00ea t\u00f4ng c\u1ea7n \u0111\u01b0\u1ee3c m\u00e0i ph\u1eb3ng v\u00e0 s\u1ea1ch b\u1ee5i.<\/p>\n<p>C\u00e1c khuy\u1ebft t\u1eadt nh\u1ecf v\u00e0 b\u1ec1 m\u1eb7t l\u1ed3i l\u00f5m c\u1ea7n \u0111\u01b0\u1ee3c tr\u00e1m ph\u1eb3ng \u0111\u1ec3 tr\u00e1nh hao h\u1ee5t s\u01a1n.<\/p>\n<p>N\u1ebfu vi\u1ec7c chu\u1ea9n b\u1ecb b\u1ec1 m\u1eb7t ho\u00e0n t\u1ea5t v\u00e0o ng\u00e0y h\u00f4m tr\u01b0\u1edbc, c\u1ea7n h\u00fat b\u1ee5i l\u1ea1i to\u00e0n b\u1ed9 s\u00e0n.<\/p>\n<p>\u0110\u1ed9 b\u00e1m d\u00ednh t\u1ed1t nh\u1ea5t \u0111\u1ea1t \u0111\u01b0\u1ee3c khi l\u1edbp s\u01a1n k\u1ebf ti\u1ebfp \u0111\u01b0\u1ee3c s\u01a1n tr\u00ean l\u1edbp s\u01a1n tr\u01b0\u1edbc ch\u01b0a \u0111\u00f3ng r\u1eafn ho\u00e0n to\u00e0n, n\u1ebfu th\u1eddi gian s\u01a1n l\u1edbp k\u1ebf ti\u1ebfp b\u1ecb v\u01b0\u1ee3t qu\u00e1, c\u1ea7n ch\u00e0 nh\u00e1m b\u1ec1 m\u1eb7t.<\/td>\n<\/tr>\n<\/tbody>\n<\/table>\n<p>Xem th\u00eam: <a href=\"https:\/\/sonsanepoxy.com.vn\/son-epoxy-la-gi\/\"><span style=\"color: #0000ff;\"><strong>S\u01a1n Epoxy<\/strong><\/span><\/a><\/p>\n","protected":false},"excerpt":{"rendered":"<p>JONA\u00ae LEVEL PLUS l\u00e0 lo\u1ea1i s\u01a1n ph\u1ee7 cho s\u00e0n b\u00ea t\u00f4ng kh\u00f4ng ch\u1ee9a dung m\u00f4i, g\u1ed1c nh\u1ef1a Epoxy g\u1ed3m 2 th\u00e0nh ph\u1ea7n, t\u1ef1 d\u00e0n \u0111\u1ec1u, cho b\u1ec1 m\u1eb7t ho\u00e0n thi\u1ec7n li\u1ec1n m\u1ea1ch, c\u00f3 kh\u1ea3 n\u0103ng thi c\u00f4ng \u1edf nhi\u1ec1u \u0111\u1ed9 d\u00e0y kh\u00e1c nhau t\u00f9y m\u1ee5c \u0111\u00edch s\u1eed d\u1ee5ng cho t\u1eebng lo\u1ea1i s\u00e0n kh\u00e1c nhau.<\/p>\n<p>\u0110\u01b0\u1ee3c s\u1eed d\u1ee5ng trong nhi\u1ec1u l\u0129nh v\u1ef1c t\u1eeb s\u00e0n c\u00f4ng nghi\u1ec7p ch\u1ecbu t\u1ea3i tr\u1ecdng nh\u1eb9, trung b\u00ecnh v\u00e0 c\u00e1c lo\u1ea1i s\u00e0n c\u1ea7n s\u1ef1 b\u1ea3o v\u1ec7 l\u00e2u d\u00e0i ch\u1ed1ng h\u00f3a ch\u1ea5t, m\u00e0i m\u00f2n nh\u01b0: nh\u00e0 kho, ph\u00f2ng th\u00ed nghi\u1ec7m, nh\u00e0 x\u01b0\u1edfng, c\u00e1c nh\u00e0 m\u00e1y c\u00f4ng nghi\u1ec7p, b\u1ec7nh vi\u1ec7n.<\/p>\n","protected":false},"featured_media":57,"comment_status":"open","ping_status":"closed","template":"","meta":[],"product_brand":[],"product_cat":[17,18],"product_tag":[],"class_list":{"0":"post-26","1":"product","2":"type-product","3":"status-publish","4":"has-post-thumbnail","6":"product_cat-hang-son","7":"product_cat-son-epoxy-joton","9":"first","10":"instock","11":"sale","12":"shipping-taxable","13":"purchasable","14":"product-type-simple"},"_links":{"self":[{"href":"https:\/\/sonsanepoxy.vn\/index.php\/wp-json\/wp\/v2\/product\/26","targetHints":{"allow":["GET"]}}],"collection":[{"href":"https:\/\/sonsanepoxy.vn\/index.php\/wp-json\/wp\/v2\/product"}],"about":[{"href":"https:\/\/sonsanepoxy.vn\/index.php\/wp-json\/wp\/v2\/types\/product"}],"replies":[{"embeddable":true,"href":"https:\/\/sonsanepoxy.vn\/index.php\/wp-json\/wp\/v2\/comments?post=26"}],"wp:featuredmedia":[{"embeddable":true,"href":"https:\/\/sonsanepoxy.vn\/index.php\/wp-json\/wp\/v2\/media\/57"}],"wp:attachment":[{"href":"https:\/\/sonsanepoxy.vn\/index.php\/wp-json\/wp\/v2\/media?parent=26"}],"wp:term":[{"taxonomy":"product_brand","embeddable":true,"href":"https:\/\/sonsanepoxy.vn\/index.php\/wp-json\/wp\/v2\/product_brand?post=26"},{"taxonomy":"product_cat","embeddable":true,"href":"https:\/\/sonsanepoxy.vn\/index.php\/wp-json\/wp\/v2\/product_cat?post=26"},{"taxonomy":"product_tag","embeddable":true,"href":"https:\/\/sonsanepoxy.vn\/index.php\/wp-json\/wp\/v2\/product_tag?post=26"}],"curies":[{"name":"wp","href":"https:\/\/api.w.org\/{rel}","templated":true}]}}