{"id":12398,"date":"2026-05-05T08:20:43","date_gmt":"2026-05-05T08:20:43","guid":{"rendered":"https:\/\/sonsanepoxy.vn\/?post_type=product&#038;p=12398"},"modified":"2026-05-05T08:20:54","modified_gmt":"2026-05-05T08:20:54","slug":"son-lot-epoxy-ref022","status":"publish","type":"product","link":"https:\/\/sonsanepoxy.vn\/index.php\/san-pham\/son-lot-epoxy-ref022\/","title":{"rendered":"S\u01a0N L\u00d3T EPOXY: REF022"},"content":{"rendered":"<p><strong>M\u00d4 T\u1ea2 CHUNG:\u00a0<\/strong><\/p>\n<p>L\u00e0 s\u01a1n hai th\u00e0nh ph\u1ea7n g\u1ed1c nh\u1ef1a Epoxy, \u0111\u01b0\u1ee3c k\u1ebft h\u1ee3p v\u1edbi Acid amine \u0111\u1ec3 t\u1ea1o ph\u1ea3n \u1ee9ng \u0111\u00f3ng r\u1eafn v\u00e0 l\u00e0m kh\u00f4 b\u1ec1 m\u1eb7t.<\/p>\n<p><img loading=\"lazy\" decoding=\"async\" class=\"aligncenter wp-image-13901\" src=\"https:\/\/sonsanepoxy.com.vn\/wp-content\/uploads\/2024\/07\/Son-lot-epoxy-red-japan-r022.jpg\" alt=\"Son lot epoxy red japan r022\" width=\"800\" height=\"800\" \/><\/p>\n<p><strong>\u1ee8NG D\u1ee4NG<\/strong><\/p>\n<p>\u0110\u01b0\u1ee3c s\u1eed d\u1ee5ng l\u00e0m l\u1edbp s\u01a1n trong c\u00e1c:<\/p>\n<p>Nh\u00e0 x\u01b0\u1edfng c\u00f4ng nghi\u1ec7p<\/p>\n<p>Nh\u00e0 m\u00e1y th\u1ef1c ph\u1ea9m<\/p>\n<p>Nh\u00e0 kho<\/p>\n<p>T\u1ea7ng h\u1ea7m<\/p>\n<p>D\u01b0\u1ee3c ph\u1ea9m<\/p>\n<p>Nh\u00e0 kho, b\u00e3i \u0111\u1eadu xe &#8230;<\/p>\n<p>Cung c\u1ea5p kh\u1ea3 n\u0103ng li\u00ean k\u1ebft cao gi\u1eefa h\u1ea7u h\u1ebft c\u00e1c b\u1ec1 m\u1eb7t bao g\u1ed3m b\u00ea t\u00f4ng, kim lo\u1ea1i, g\u1ed7 &#8230; v\u1edbi c\u00e1c l\u1edbp s\u01a1n ph\u1ee7.<\/p>\n<p><strong>TH\u00d4NG S\u1ed0 K\u0128 THU\u1eacT<\/strong><\/p>\n<table>\n<tbody>\n<tr>\n<td><strong>\u00a0Th\u00f4ng tin<\/strong><\/td>\n<td><strong>Th\u00f4ng s\u1ed1 k\u1ef9 thu\u1eadt<\/strong><\/td>\n<\/tr>\n<tr>\n<td>M\u00e0u s\u1eafc<\/td>\n<td>Clear &#8211; trong su\u1ed1t kh\u00f4ng m\u00e0u<\/td>\n<\/tr>\n<tr>\n<td>Khi ho\u00e0n thi\u1ec7n<\/td>\n<td>B\u00f3ng<\/td>\n<\/tr>\n<tr>\n<td>Th\u00e0nh ph\u1ea7n<\/td>\n<td>2 Th\u00e0nh ph\u1ea7n<\/td>\n<\/tr>\n<tr>\n<td>\u0110\u1ed9 nh\u1edbt (28\u00b0C)<\/td>\n<td>55 &#8211; 60 KU<\/td>\n<\/tr>\n<tr>\n<td>T\u1ec9 l\u1ec7 pha tr\u1ed9n<\/td>\n<td>S\u01a1n\/Hardener =1WT (theo kh\u1ed1i l\u01b0\u1ee3ng)<\/td>\n<\/tr>\n<tr>\n<td>Th\u1eddi gian thi c\u00f4ng (25 \u00b0C )<\/td>\n<td>2 Gi\u1edd<\/td>\n<\/tr>\n<tr>\n<td>\u0110\u1ed9 ph\u1ee7 l\u00fd thuy\u1ebft<\/td>\n<td>L\u01b0\u1ee3ng ti\u00eau th\u1ee5 cho 1 l\u1edbp: 10-12m2\/kg<\/td>\n<\/tr>\n<tr>\n<td>Th\u1eddi gian kh\u00f4 m\u1eb7t<\/td>\n<td>2 &#8211; 4 gi\u1edd ( t\u00f9y \u0111i\u1ec1u ki\u1ec7n m\u00f4i tr\u01b0\u1eddng)<\/td>\n<\/tr>\n<tr>\n<td>\u0110i\u1ec3m ch\u1ed1t ch\u00e1y<\/td>\n<td>\u2248 25 \u00b0C<\/td>\n<\/tr>\n<tr>\n<td>Dung m\u00f4i pha lo\u00e3ng<\/td>\n<td>Epoxy Thinner<\/td>\n<\/tr>\n<tr>\n<td>T\u1ec9 l\u1ec7 pha lo\u00e3ng<\/td>\n<td>5-10%<\/td>\n<\/tr>\n<tr>\n<td>Quy c\u00e1ch \u0111\u00f3ng g\u00f3i<\/td>\n<td>15Kg\/b\u1ed9 ( PTA : PTA = 12kg:3kg)<\/td>\n<\/tr>\n<\/tbody>\n<\/table>\n<p>&nbsp;<\/p>\n<p><strong>\u0110I\u1ec0U KI\u1ec6N N\u1ec0N B\u00ca T\u00d4NG TR\u01af\u1edaC KHI THI C\u00d4NG:<\/strong><\/p>\n<p>\u0110\u1ed9 \u1ea9m n\u1ec1n b\u00ea t\u00f4ng ph\u1ea3i d\u01b0\u1edbi 5%.<\/p>\n<p>B\u1ec1 t\u00f4ng ph\u1ea3i \u0111\u01b0\u1ee3c thi c\u00f4ng \u0111\u1ec3 s\u1eed d\u1ee5ng th\u01b0\u1edbc ng\u0103n \u1ea9m ho\u1eb7c ch\u1ed1ng th\u1ea5m ng\u01b0\u1ee3c.<\/p>\n<p>Lo\u1ea1i b\u1ecf d\u1ea7u, b\u1ee5i b\u1ea9n, l\u1edbp s\u01a1n c\u0169 v\u00e0 m\u00e0i nh\u1eb5n to\u00e0n b\u1ed9 b\u1ec1 m\u1eb7t b\u00ea t\u00f4ng tr\u01b0\u1edbc khi thi c\u00f4ng l\u1edbp l\u00f3t.<\/p>\n<p><strong>PH\u01af\u01a0NG PH\u00c1P THI C\u00d4NG<\/strong><\/p>\n<p>Th\u1eddi gian thi c\u00f4ng (25\u00b0C): 2 gi\u1edd<\/p>\n<p>\u0110\u1ed9 ph\u1ee7 l\u00fd thuy\u1ebft: L\u01b0\u1ee3ng ti\u00eau th\u1ee5 cho 1 l\u1edbp: 10 &#8211; 12 m\u00b2\/kg<\/p>\n<p>Th\u1eddi gian kh\u00f4 m\u1eb7t: 2 &#8211; 4h t\u00f9y \u0111i\u1ec1u ki\u1ec7n m\u00f4i tr\u01b0\u1eddng<\/p>\n<p>T\u1ec9 l\u1ec7 pha lo\u00e3ng: 5 &#8211; 10%<\/p>\n<p><strong>CH\u00da \u00dd AN TO\u00c0N:<\/strong><\/p>\n<ol>\n<li><strong>Ch\u1ea5t l\u1ecfng d\u1ec5 ch\u00e1y:<\/strong> Trong l\u00fac tr\u1ed9n h\u1ed7n h\u1ee3p tp.A v\u00e0 tp.B c\u00f3 th\u1ec3 sinh nhi\u1ec7t nhanh ch\u00f3ng. Kh\u00f4ng \u0111\u01b0\u1ee3c ti\u1ebfp x\u00fac v\u1edbi c\u00e1c ngu\u1ed3n nhi\u1ec7t n\u00f3ng, tia l\u1eeda, ngu\u1ed3n g\u00e2y ch\u00e1y.<\/li>\n<li><strong>Ti\u1ebfp x\u00fac m\u1eaft: <\/strong>G\u00e2y k\u00edch \u1ee9ng m\u1eaft v\u00e0 m\u1edd m\u1eaft. Khuy\u1ebfn kh\u00edch \u0111eo k\u00ednh b\u1ea3o h\u1ed9 trong qu\u00e1 tr\u00ecnh thi c\u00f4ng. Tr\u01b0\u1eddng h\u1ee3p ti\u1ebfp x\u00fac v\u00e0o m\u1eaft, nhanh ch\u00f3ng r\u1eeda m\u1eaft ngay v\u1edbi nhi\u1ec1u n\u01b0\u1edbc v\u00e0 \u0111i \u0111\u1ebfn trung t\u00e2m y t\u1ebf g\u1ea7n nh\u1ea5t.<\/li>\n<li><strong>Ti\u1ebfp x\u00fac da: <\/strong>G\u00e2y k\u00edch \u1ee9ng da v\u00e0 ph\u1ea3i. C\u1ea7n m\u1eb7c \u00e1o s\u01a1 mi d\u00e0i tay v\u00e0 \u0111eo g\u0103ng tay b\u1ea3o v\u1ec7. Trong tr\u01b0\u1eddng h\u1ee3p ti\u1ebfp x\u00fac v\u1edbi da, lau s\u1ea1ch ph\u1ea7n s\u01a1n b\u1ecb d\u00ednh v\u00e0 r\u1eeda da c\u1ea7n th\u1eadn b\u1eb1ng x\u00e0 ph\u00f2ng v\u00e0 n\u01b0\u1edbc. \u0110i \u0111\u1ebfn trung t\u00e2m y t\u1ebf g\u1ea7n nh\u1ea5t n\u1ebfu c\u00f3 tri\u1ec7u ch\u1ee9ng ng\u1ee9a ho\u1eb7c vi\u00eam x\u1ea9y ra.<\/li>\n<li><strong>H\u00edt ph\u1ea3i:<\/strong> G\u00e2y k\u00edch \u1ee9ng h\u00f4 h\u1ea5p. Ch\u1ec9 s\u1eed d\u1ee5ng \u1edf nh\u1eefng n\u01a1i th\u00f4ng tho\u00e1ng.<\/li>\n<li><strong>Nu\u1ed1t ph\u1ea3i:<\/strong> G\u00e2y h\u1ea1i n\u1ebfu nu\u1ed1t ph\u1ea3i. Tr\u01b0\u1eddng h\u1ee3p l\u1ee1 nu\u1ed1t ph\u1ea3i n\u00ean u\u1ed1ng nhi\u1ec1u n\u01b0\u1edbc, s\u00fac mi\u1ec7ng v\u00e0 nu\u1ed1t mu\u1ed1i \u1ea5m v\u00e0o c\u1ed5 h\u1ecdng v\u00e0 \u0111i \u0111\u1ebfn trung t\u00e2m y t\u1ebf g\u1ea7n nh\u1ea5t. N\u00ean x\u1eed l\u00fd ch\u1ea5t th\u1ea3i v\u00e0 th\u00f9ng tr\u1ed1ng theo \u0111\u00fang quy \u0111\u1ecbnh c\u1ee7a \u0111\u1ecba ph\u01b0\u01a1ng.<\/li>\n<\/ol>\n","protected":false},"excerpt":{"rendered":"<p>L\u00e0 s\u01a1n hai th\u00e0nh ph\u1ea7n g\u1ed1c nh\u1ef1a Epoxy, \u0111\u01b0\u1ee3c k\u1ebft h\u1ee3p v\u1edbi Acid amine \u0111\u1ec3 t\u1ea1o ph\u1ea3n \u1ee9ng \u0111\u00f3ng r\u1eafn v\u00e0 l\u00e0m kh\u00f4 b\u1ec1 m\u1eb7t.<\/p>\n","protected":false},"featured_media":12405,"comment_status":"open","ping_status":"closed","template":"","meta":[],"product_brand":[],"product_cat":[17,52],"product_tag":[],"class_list":{"0":"post-12398","1":"product","2":"type-product","3":"status-publish","4":"has-post-thumbnail","6":"product_cat-hang-son","7":"product_cat-son-red-japan","9":"first","10":"instock","11":"sale","12":"shipping-taxable","13":"purchasable","14":"product-type-simple"},"_links":{"self":[{"href":"https:\/\/sonsanepoxy.vn\/index.php\/wp-json\/wp\/v2\/product\/12398","targetHints":{"allow":["GET"]}}],"collection":[{"href":"https:\/\/sonsanepoxy.vn\/index.php\/wp-json\/wp\/v2\/product"}],"about":[{"href":"https:\/\/sonsanepoxy.vn\/index.php\/wp-json\/wp\/v2\/types\/product"}],"replies":[{"embeddable":true,"href":"https:\/\/sonsanepoxy.vn\/index.php\/wp-json\/wp\/v2\/comments?post=12398"}],"wp:featuredmedia":[{"embeddable":true,"href":"https:\/\/sonsanepoxy.vn\/index.php\/wp-json\/wp\/v2\/media\/12405"}],"wp:attachment":[{"href":"https:\/\/sonsanepoxy.vn\/index.php\/wp-json\/wp\/v2\/media?parent=12398"}],"wp:term":[{"taxonomy":"product_brand","embeddable":true,"href":"https:\/\/sonsanepoxy.vn\/index.php\/wp-json\/wp\/v2\/product_brand?post=12398"},{"taxonomy":"product_cat","embeddable":true,"href":"https:\/\/sonsanepoxy.vn\/index.php\/wp-json\/wp\/v2\/product_cat?post=12398"},{"taxonomy":"product_tag","embeddable":true,"href":"https:\/\/sonsanepoxy.vn\/index.php\/wp-json\/wp\/v2\/product_tag?post=12398"}],"curies":[{"name":"wp","href":"https:\/\/api.w.org\/{rel}","templated":true}]}}