{"id":12396,"date":"2026-05-05T08:20:43","date_gmt":"2026-05-05T08:20:43","guid":{"rendered":"https:\/\/sonsanepoxy.vn\/?post_type=product&#038;p=12396"},"modified":"2026-05-05T08:20:52","modified_gmt":"2026-05-05T08:20:52","slug":"et5660-son-epoxy-phu-lan-mau-chuan-kcc-mau-vang","status":"publish","type":"product","link":"https:\/\/sonsanepoxy.vn\/index.php\/san-pham\/et5660-son-epoxy-phu-lan-mau-chuan-kcc-mau-vang\/","title":{"rendered":"ET5660 &#8211; S\u01a1n Epoxy phu\u0309 l\u0103n m\u00e0u chu\u1ea9n KCC &#8211; M\u00e0u V\u00e0ng"},"content":{"rendered":"<table style=\"width: 102%; height: 1936px;\" width=\"102%\">\n<tbody>\n<tr style=\"height: 143px;\">\n<td style=\"width: 15.5122%; height: 143px;\" width=\"16%\"><strong>M\u00f4 t\u1ea3 &amp; \u1ee8ng d\u1ee5ng<\/strong><\/td>\n<td style=\"width: 85.4878%; height: 143px;\" width=\"85%\">S\u01a1n Epoxy KCC ET5660 (s\u01a1n h\u1ec7 l\u0103n 3 l\u1edbp) l\u00e0 m\u1ed9t lo\u1ea1i s\u01a1n g\u1ed1c nh\u1ef1a epoxy hai th\u00e0nh ph\u1ea7n v\u1edbi \u0111\u1ed9 b\u00f3ng cao. Khi s\u1ea3n ph\u1ea9m \u0111\u01b0\u1ee3c ho\u00e0n thi\u1ec7n n\u00f3 t\u1ea1o th\u00e0nh m\u00e0ng c\u1ee9ng v\u1edbi kh\u1ea3 n\u0103ng b\u00e1m d\u00ednh v\u00e0 kh\u00e1ng n\u01b0\u1edbc tuy\u1ec7t v\u1eddi, kh\u00e1ng ki\u1ec1m, m\u00e0i m\u00f2n v\u00e0 ch\u1ecbu va \u0111\u1eadp.<\/p>\n<p>L\u00e0 l\u1edbp s\u01a1n ho\u00e0n thi\u1ec7n \u0111\u1ec3 s\u1eed d\u1ee5ng tr\u00ean b\u1ec1 m\u1eb7t v\u1eefa, b\u00ea t\u00f4ng ho\u1eb7c xi m\u0103ng, ch\u1ea5t n\u1ec1n, n\u01a1i c\u1ea7n c\u00f3 t\u00ednh ch\u1ed1ng b\u00e1m b\u1ee5i cao nh\u01b0 d\u01b0\u1ee3c ph\u1ea9m, nh\u00e0 m\u00e1y \u0111i\u1ec7n t\u1eed v\u00e0 b\u1ec7nh vi\u1ec7n, v.v&#8230;<\/td>\n<\/tr>\n<tr style=\"height: 135px;\">\n<td style=\"width: 15.5122%; height: 135px;\" width=\"16%\"><strong>\u0110\u1eb7c t\u00ednh<\/strong><\/td>\n<td style=\"width: 85.4878%; height: 135px;\" width=\"85%\">\u0110\u1ed9 b\u00e1m d\u00ednh cao tr\u00ean n\u1ec1n kim l\u1ecdai, b\u00ea t\u00f4ng<\/p>\n<p>Ch\u1ecbu m\u00e0i m\u00f2n, va \u0111\u1eadp, ch\u1ecbu \u1ea9m, ch\u1ecbu h\u00f3a ch\u1ea5t, b\u1ec1n m\u00e0u, ch\u1ed1ng r\u00eau m\u1ed1c.<\/p>\n<p>Kh\u1ea3 n\u0103ng ch\u1ecbu nhi\u1ec7t cao c\u00f3 th\u1ec3 s\u1eed d\u1ee5ng cho c\u00e1c b\u1ec1 m\u1eb7t b\u1ecb l\u00e0m n\u00f3ng l\u00ean \u0111\u1ebfn 100oC (kh\u00f4ng li\u00ean t\u1ee5c).<\/td>\n<\/tr>\n<tr style=\"height: 912px;\">\n<td style=\"width: 15.5122%; height: 912px;\" width=\"16%\"><strong>Th\u00f4ng s\u1ed1 k\u1ef9 thu\u1eadt<\/strong><\/td>\n<td style=\"width: 85.4878%; height: 912px;\" width=\"85%\">\n<table style=\"width: 100.603%;\">\n<tbody>\n<tr>\n<td style=\"width: 109.598%;\" colspan=\"2\" width=\"631\"><strong>D\u1eee LI\u1ec6U V\u1eacT L\u00dd<\/strong><\/td>\n<\/tr>\n<tr>\n<td style=\"width: 26.935%;\" width=\"170\">M\u00e0u s\u01a1n ho\u00e0n thi\u1ec7n<\/td>\n<td style=\"width: 82.6625%;\" width=\"461\">B\u00f3ng, xanh, x\u00e1m. C\u00e1c m\u00e0u kh\u00e1c \u0111\u01b0\u1ee3c s\u1ea3n xu\u1ea5t theo y\u00eau c\u1ea7u.<\/td>\n<\/tr>\n<tr>\n<td style=\"width: 26.935%;\" width=\"170\">Ch\u1ea5t r\u1eafn theo th\u1ec3 t\u00edch<\/td>\n<td style=\"width: 82.6625%;\" width=\"461\">Kho\u1ea3ng 50%<\/td>\n<\/tr>\n<tr>\n<td style=\"width: 26.935%;\" width=\"170\">\u0110\u1ed9 ph\u1ee7 l\u00fd thuy\u1ebft<\/td>\n<td style=\"width: 82.6625%;\" width=\"461\">10 m\u00b2\/ L \u1edf \u0111\u1ed9 d\u00e0y m\u00e0ng kh\u00f4 50\u00b5m microns tr\u00ean b\u1ec1 m\u1eb7t nh\u1eb5n<\/td>\n<\/tr>\n<tr>\n<td style=\"width: 26.935%;\" width=\"170\">Tr\u1ecdng l\u01b0\u1ee3ng ri\u00eang<\/td>\n<td style=\"width: 82.6625%;\" width=\"461\">1.2 &#8211; 1.3 (Kg \/ L) (H\u1ed7n h\u1ee3p) t\u00f9y theo m\u00e0u s\u1eafc<\/td>\n<\/tr>\n<tr>\n<td style=\"width: 26.935%;\" width=\"170\">\u0110i\u1ec3m ch\u1edbp ch\u00e1y<\/td>\n<td style=\"width: 82.6625%;\" width=\"461\">4 \u2103 \/ 39 \u2109<\/td>\n<\/tr>\n<tr>\n<td style=\"width: 26.935%;\" width=\"170\">Th\u1eddi gian kh\u00f4<\/td>\n<td style=\"width: 82.6625%;\" width=\"461\">\n<table width=\"446\">\n<tbody>\n<tr>\n<td width=\"135\"><\/td>\n<td width=\"103\">10\u2103 \/ 50 \u2109<\/td>\n<td width=\"104\">20 \u2103\u00a0\/ 68\u2109<\/td>\n<td width=\"104\">30\u2103\u00a0\/ 86 \u2109<\/td>\n<\/tr>\n<tr>\n<td width=\"135\">Kh\u00f4 ch\u1ea1m tay<\/td>\n<td width=\"103\">3 gi\u1edd<\/td>\n<td width=\"104\">1.5 gi\u1edd<\/td>\n<td width=\"104\">40 ph\u00fat<\/td>\n<\/tr>\n<tr>\n<td width=\"135\">Kh\u00f4 \u0111i l\u1ea1i nh\u1eb9<\/td>\n<td width=\"103\">36 gi\u1edd<\/td>\n<td width=\"104\">24 gi\u1edd<\/td>\n<td width=\"104\">16 gi\u1edd<\/td>\n<\/tr>\n<tr>\n<td width=\"135\">Kh\u00f4 ho\u00e0n to\u00e0n<\/td>\n<td width=\"103\">7 ng\u00e0y<\/td>\n<td width=\"104\">4 ng\u00e0y<\/td>\n<td width=\"104\">3 ng\u00e0y<\/td>\n<\/tr>\n<\/tbody>\n<\/table>\n<\/td>\n<\/tr>\n<tr>\n<td style=\"width: 26.935%;\" width=\"170\">\u0110\u00f3ng g\u00f3i<\/td>\n<td style=\"width: 82.6625%;\" width=\"461\">16L (Ch\u1ea5t n\u1ec1n (PTA): Ch\u1ea5t \u0111\u00f3ng r\u1eafn (PTB) = 10,7L: 5,3L)<\/td>\n<\/tr>\n<tr>\n<td style=\"width: 26.935%;\" width=\"170\">Th\u1eddi gian chuy\u1ec3n ti\u1ebfp<\/td>\n<td style=\"width: 82.6625%;\" width=\"461\">\n<table>\n<tbody>\n<tr>\n<td width=\"111\">Nhi\u1ec7t \u0111\u1ed9<\/td>\n<td width=\"111\">10\u2103 \/ 50 \u2109<\/td>\n<td width=\"111\">20 \u2103\u00a0\/ 68\u2109<\/td>\n<td width=\"111\">30\u2103\u00a0\/ 86 \u2109<\/td>\n<\/tr>\n<tr>\n<td width=\"111\">T\u1ed1i thi\u1ec3u<\/td>\n<td width=\"111\">36 gi\u1edd<\/td>\n<td width=\"111\">24 gi\u1edd<\/td>\n<td width=\"111\">16 ti\u1ebfng<\/td>\n<\/tr>\n<tr>\n<td width=\"111\">T\u1ed1i \u0111a<\/td>\n<td width=\"111\">&#8211;<\/td>\n<td width=\"111\">&#8211;<\/td>\n<td width=\"111\">&#8211;<\/td>\n<\/tr>\n<\/tbody>\n<\/table>\n<\/td>\n<\/tr>\n<tr>\n<td style=\"width: 26.935%;\" width=\"170\">Th\u1eddi h\u1ea1n s\u1eed d\u1ee5ng<\/td>\n<td style=\"width: 82.6625%;\" width=\"461\">&#8211; 12 th\u00e1ng (b\u1ea3o qu\u1ea3n n\u01a1i m\u00e1t, kh\u00f4, th\u00f4ng gi\u00f3).<\/td>\n<\/tr>\n<tr>\n<td style=\"width: 26.935%;\" width=\"170\">Dung m\u00f4i pha lo\u00e3ng<\/td>\n<td style=\"width: 82.6625%;\" width=\"461\">THINNER s\u1ed1 024 (T\u1ef7 l\u1ec7 pha lo\u00e3ng: T\u1ed1i \u0111a 10% th\u1ec3 t\u00edch) Kh\u00f4ng pha lo\u00e3ng c\u00e1c th\u00e0nh ph\u1ea7n ri\u00eang bi\u1ec7t, ch\u1ec9 pha h\u1ed7n h\u1ee3p.<\/td>\n<\/tr>\n<tr>\n<td style=\"width: 26.935%;\" width=\"170\">\u0110\u1ed9 d\u00e0y m\u00e0n s\u01a1n<\/td>\n<td style=\"width: 82.6625%;\" width=\"461\">Khuy\u1ebfn ngh\u1ecb m\u1ed7i l\u1edbp kh\u00f4 50 microns.<\/p>\n<p>&nbsp;<\/p>\n<p>N\u00ean thi c\u00f4ng 2 l\u1edbp.<\/td>\n<\/tr>\n<tr>\n<td style=\"width: 26.935%;\" width=\"170\">L\u1edbp s\u01a1n l\u00f3t<\/td>\n<td style=\"width: 82.6625%;\" width=\"461\">Epoxy F.C PRIMER EP118 ho\u1eb7c t\u00f9y theo \u0111\u1eb7c \u0111i\u1ec3m k\u1ef9 thu\u1eadt c\u00f4ng tr\u00ecnh.<\/td>\n<\/tr>\n<tr>\n<td style=\"width: 26.935%;\" width=\"170\">T\u1ef7 l\u1ec7 pha tr\u1ed9n<\/td>\n<td style=\"width: 82.6625%;\" width=\"461\">C\u01a1 s\u1edf (PTA): Ch\u1ea5t \u0111\u00f3ng r\u1eafn (PTB) = 2: 1 (theo th\u1ec3 t\u00edch)<\/p>\n<p>&nbsp;<\/p>\n<p>Tr\u1ed9n k\u1ef9 v\u1edbi nhau tr\u01b0\u1edbc khi thi c\u00f4ng theo t\u1ef7 l\u1ec7 \u0111\u00e3 ph\u00e2n ph\u1ed1i.<\/p>\n<p>&nbsp;<\/p>\n<p>Ch\u1ec9 tr\u1ed9n l\u01b0\u1ee3ng s\u01a1n v\u1eeba \u0111\u1ee7 \u0111\u1ec3 thi c\u00f4ng v\u00e0 ch\u00fa \u00fd th\u1eddi gian \u0111\u00f3ng r\u1eafn c\u1ee7a s\u01a1n<\/td>\n<\/tr>\n<\/tbody>\n<\/table>\n<\/td>\n<\/tr>\n<tr style=\"height: 135px;\">\n<td style=\"width: 15.5122%; height: 135px;\" width=\"16%\"><strong>Chu\u1ea9n b\u1ecb b\u1ec1 m\u1eb7t<\/strong><\/td>\n<td style=\"width: 85.4878%; height: 135px;\" width=\"85%\">Lo\u1ea1i b\u1ecf d\u1ea7u v\u00e0 m\u1ee1 b\u00e1m tr\u00ean b\u1ec1 m\u1eb7t c\u1ea7n s\u01a1n.<\/p>\n<p>Kh\u00f4ng thi c\u00f4ng l\u1edbp ph\u1ee7 tr\u1eeb khi b\u00ea t\u00f4ng \u0111\u00e3 \u0111\u00f3ng r\u1eafn \u00edt nh\u1ea5t 28 ng\u00e0y \u1edf 20 \u2103 \/ 68 \u2109 v\u00e0 d\u01b0\u1edbi 80% RH ho\u1eb7c t\u01b0\u01a1ng \u0111\u01b0\u01a1ng.<\/p>\n<p>\u0110\u1ed9 \u1ea9m c\u1ee7a b\u1ec1 m\u1eb7t b\u00ea t\u00f4ng ph\u1ea3i d\u01b0\u1edbi 6%.<\/td>\n<\/tr>\n<tr style=\"height: 135px;\">\n<td style=\"width: 15.5122%; height: 135px;\" width=\"16%\"><em>\u00a0<\/em><\/p>\n<p><em>\u00a0<\/em><\/p>\n<p><strong>Thi c\u00f4ng<\/strong><\/td>\n<td style=\"width: 85.4878%; height: 135px;\" width=\"85%\">Epoxy F.C PRIMER EP118 ho\u1eb7c t\u00f9y theo \u0111\u1eb7c \u0111i\u1ec3m k\u1ef9 thu\u1eadt c\u00f4ng tr\u00ecnh.<\/p>\n<p>Kh\u00f4ng thi c\u00f4ng khi nhi\u1ec7t \u0111\u1ed9 nh\u1ecf h\u01a1n 4 \u2103 \/ 39 \u2109 v\u00e0 \u0111\u1ed9 \u1ea9m t\u01b0\u01a1ng \u0111\u1ed1i tr\u00ean 85%.<\/p>\n<p>Nhi\u1ec7t \u0111\u1ed9 b\u1ec1 m\u1eb7t ph\u1ea3i cao h\u01a1n \u0111i\u1ec3m s\u01b0\u01a1ng \u00edt nh\u1ea5t 3 \u2103 (5 \u2109) \u0111\u1ec3 tr\u00e1nh ng\u01b0ng t\u1ee5<\/td>\n<\/tr>\n<tr style=\"height: 23px;\">\n<td style=\"width: 15.5122%; height: 23px;\" width=\"16%\"><strong>D\u1ee5ng c\u1ee5 thi c\u00f4ng <\/strong><\/td>\n<td style=\"width: 85.4878%; height: 23px;\" width=\"85%\">Ch\u1ed5i, c\u00e2y l\u0103n, S\u00fang phun ( kh\u00f4ng kh\u00ed\/ch\u00e2n kh\u00f4ng<\/td>\n<\/tr>\n<tr style=\"height: 23px;\">\n<td style=\"width: 15.5122%; height: 23px;\" width=\"16%\"><strong>\u0110\u00f3ng g\u00f3i<\/strong><\/td>\n<td style=\"width: 85.4878%; height: 23px;\" width=\"85%\">16L (2 th\u00f9ng)<\/td>\n<\/tr>\n<tr style=\"height: 175px;\">\n<td style=\"width: 15.5122%; height: 175px;\" width=\"16%\"><strong>L\u01b0u \u00fd<\/strong><\/td>\n<td style=\"width: 85.4878%; height: 175px;\" width=\"85%\">\u0110i\u1ec1u ki\u1ec7n b\u1ea3o qu\u00e1n:<\/p>\n<p>Nhi\u1ec7t \u0111\u1ed9 : 7 ~ 43 \u00baC<\/p>\n<p>\u0110\u1ed9 \u1ea9m: 0 ~ 100%<\/p>\n<p>Th\u1eddi gian b\u1ea3o qu\u1ea3n 12 th\u00e1ng ( b\u1ea3o qu\u1ea3n n\u01a1i m\u00e1t, kh\u00f4, th\u00f4ng gi\u00f3)<\/td>\n<\/tr>\n<tr style=\"height: 255px;\">\n<td style=\"width: 15.5122%; height: 255px;\" width=\"16%\"><strong>S\u1ee9c kh\u1ecfe v\u00e0 an to\u00e0n<\/strong><\/td>\n<td style=\"width: 85.4878%; height: 255px;\" width=\"85%\">B\u1ea3o v\u1ec7 da v\u00e0 m\u1eaft, v\u00e0 tr\u00e1nh h\u00edt v\u00e0o h\u01a1i c\u1ee7a dung m\u00f4i.<\/p>\n<p>S\u1eed d\u1ee5ng \u0111\u1ea7y \u0111\u1ee7 th\u00f4ng gi\u00f3<\/p>\n<p>Khuy\u1ebfn c\u00e1o n\u00ean b\u1ea3o v\u1ec7 h\u00f4 h\u1ea5p khi thi c\u00f4ng s\u1ea3n ph\u1ea9m trong khu v\u1ef1c gi\u1edbi h\u1ea1n hay khu v\u1ef1c thi\u1ebfu kh\u00f4ng kh\u00ed.<\/p>\n<p>Trong h\u1ed7n h\u1ee3p c\u00f3 ch\u1ee9a dung m\u00f4i d\u1ec5 ch\u00e1y, khi v\u1eadn chuy\u1ec3n, s\u1eed d\u1ee5ng, hay \u0111\u1ec3 trong nh\u00e0<\/p>\n<p>kho n\u00ean \u0111\u1ec3 tr\u00e1nh xa c\u00e1c ngu\u1ed3n l\u1eeda, n\u01a1i d\u1ec5 b\u1eaft ch\u00e1y.<\/p>\n<p>N\u00ean l\u01b0u tr\u1eef n\u01a1i kh\u00f4 r\u00e1o, \u0111\u00f3ng ch\u1eb7t n\u1eafp th\u00f9ng sau khi s\u1eed d\u1ee5ng.<\/td>\n<\/tr>\n<\/tbody>\n<\/table>\n<p>Xem th\u00eam: <a href=\"https:\/\/sonsanepoxy.com.vn\/son-epoxy-la-gi\/\"><span style=\"color: #0000ff;\"><strong>S\u01a1n Epoxy<\/strong><\/span><\/a><\/p>\n","protected":false},"excerpt":{"rendered":"<p>S\u01a1n Epoxy KCC ET5660 (s\u01a1n h\u1ec7 l\u0103n 3 l\u1edbp) l\u00e0 m\u1ed9t lo\u1ea1i s\u01a1n g\u1ed1c nh\u1ef1a epoxy hai th\u00e0nh ph\u1ea7n v\u1edbi \u0111\u1ed9 b\u00f3ng cao. Khi s\u1ea3n ph\u1ea9m \u0111\u01b0\u1ee3c ho\u00e0n thi\u1ec7n n\u00f3 t\u1ea1o th\u00e0nh m\u00e0ng c\u1ee9ng v\u1edbi kh\u1ea3 n\u0103ng b\u00e1m d\u00ednh v\u00e0 kh\u00e1ng n\u01b0\u1edbc tuy\u1ec7t v\u1eddi, kh\u00e1ng ki\u1ec1m, m\u00e0i m\u00f2n v\u00e0 ch\u1ecbu va \u0111\u1eadp.<\/p>\n<p>L\u00e0 l\u1edbp s\u01a1n ho\u00e0n thi\u1ec7n \u0111\u1ec3 s\u1eed d\u1ee5ng tr\u00ean b\u1ec1 m\u1eb7t v\u1eefa, b\u00ea t\u00f4ng ho\u1eb7c xi m\u0103ng, ch\u1ea5t n\u1ec1n, n\u01a1i c\u1ea7n c\u00f3 t\u00ednh ch\u1ed1ng b\u00e1m b\u1ee5i cao nh\u01b0 d\u01b0\u1ee3c ph\u1ea9m, nh\u00e0 m\u00e1y \u0111i\u1ec7n t\u1eed v\u00e0 b\u1ec7nh vi\u1ec7n, v.v&#8230;<\/p>\n","protected":false},"featured_media":122,"comment_status":"open","ping_status":"closed","template":"","meta":[],"product_brand":[],"product_cat":[17,19],"product_tag":[],"class_list":{"0":"post-12396","1":"product","2":"type-product","3":"status-publish","4":"has-post-thumbnail","6":"product_cat-hang-son","7":"product_cat-son-epoxy-kcc","9":"first","10":"instock","11":"shipping-taxable","12":"purchasable","13":"product-type-simple"},"_links":{"self":[{"href":"https:\/\/sonsanepoxy.vn\/index.php\/wp-json\/wp\/v2\/product\/12396","targetHints":{"allow":["GET"]}}],"collection":[{"href":"https:\/\/sonsanepoxy.vn\/index.php\/wp-json\/wp\/v2\/product"}],"about":[{"href":"https:\/\/sonsanepoxy.vn\/index.php\/wp-json\/wp\/v2\/types\/product"}],"replies":[{"embeddable":true,"href":"https:\/\/sonsanepoxy.vn\/index.php\/wp-json\/wp\/v2\/comments?post=12396"}],"wp:featuredmedia":[{"embeddable":true,"href":"https:\/\/sonsanepoxy.vn\/index.php\/wp-json\/wp\/v2\/media\/122"}],"wp:attachment":[{"href":"https:\/\/sonsanepoxy.vn\/index.php\/wp-json\/wp\/v2\/media?parent=12396"}],"wp:term":[{"taxonomy":"product_brand","embeddable":true,"href":"https:\/\/sonsanepoxy.vn\/index.php\/wp-json\/wp\/v2\/product_brand?post=12396"},{"taxonomy":"product_cat","embeddable":true,"href":"https:\/\/sonsanepoxy.vn\/index.php\/wp-json\/wp\/v2\/product_cat?post=12396"},{"taxonomy":"product_tag","embeddable":true,"href":"https:\/\/sonsanepoxy.vn\/index.php\/wp-json\/wp\/v2\/product_tag?post=12396"}],"curies":[{"name":"wp","href":"https:\/\/api.w.org\/{rel}","templated":true}]}}