{"id":12350,"date":"2026-05-05T08:20:18","date_gmt":"2026-05-05T08:20:18","guid":{"rendered":"https:\/\/sonsanepoxy.vn\/?post_type=product&#038;p=12350"},"modified":"2026-05-05T08:20:35","modified_gmt":"2026-05-05T08:20:35","slug":"jona-level-new-son-epoxy-tu-phang-khong-dung-moi","status":"publish","type":"product","link":"https:\/\/sonsanepoxy.vn\/index.php\/san-pham\/jona-level-new-son-epoxy-tu-phang-khong-dung-moi\/","title":{"rendered":"\u00a0Jona Level new &#8211; S\u01a1n Epoxy t\u1ef1 ph\u1eb3ng kh\u00f4ng dung m\u00f4i"},"content":{"rendered":"<h2 style=\"text-align: justify;\"><b>M\u00f4 t\u1ea3 v\u00e0 \u1ee8ng d\u1ee5ng:<\/b><\/h2>\n<p style=\"text-align: justify;\"><span style=\"font-weight: 400;\">JONA\u00ae LEVEL NEW l\u00e0 lo\u1ea1i s\u01a1n ph\u1ee7 cho s\u00e0n b\u00ea t\u00f4ng kh\u00f4ng ch\u1ee9a dung m\u00f4i, g\u1ed1c nh\u1ef1a h\u1ec7 Epoxy 2 th\u00e0nh ph\u1ea7n, t\u1ef1 d\u00e0n \u0111\u1ec1u, cho b\u1ec1 m\u1eb7t ho\u00e0n thi\u1ec7n li\u1ec1n m\u1ea1ch, c\u00f3 kh\u1ea3 n\u0103ng thi c\u00f4ng \u1edf nhi\u1ec1u \u0111\u1ed9 d\u00e0y kh\u00e1c nhau t\u00f9y m\u1ee5c \u0111\u00edch s\u1eed d\u1ee5ng cho t\u1eebng lo\u1ea1i s\u00e0n kh\u00e1c nhau.<\/span><\/p>\n<p style=\"text-align: justify;\"><span style=\"font-weight: 400;\">JONA\u00ae LEVEL NEW \u0111\u01b0\u1ee3c s\u1eed d\u1ee5ng trong nhi\u1ec1u l\u0129nh v\u1ef1c t\u1eeb s\u00e0n c\u00f4ng nghi\u1ec7p ch\u1ecbu t\u1ea3i tr\u1ecdng nh\u1eb9, trung b\u00ecnh v\u00e0 c\u00e1c lo\u1ea1i s\u00e2n c\u1ea7n s\u1ef1 b\u1ea3o v\u1ec7 l\u00e2u d\u00e0i ch\u1ed1ng h\u00f3a ch\u1ea5t, m\u00e0i m\u00f2n nh\u01b0: nh\u00e0kho, ph\u00f2ng th\u00ed nghi\u1ec7m, nh\u00e0 x\u01b0\u1edfng, c\u00e1c nh\u00e0 m\u00e1y c\u00f4ng nghi\u1ec7p, b\u1ec7nh vi\u1ec7n\u2026<\/span><\/p>\n<p style=\"text-align: justify;\"><span style=\"font-weight: 400;\">JONA\u00ae LEVEL NEW \u0111\u01b0\u1ee3c ch\u1ee9ng nh\u1eadn \u0111\u1ea1t Quy chu\u1ea9n k\u1ef9 thu\u1eadt qu\u1ed1c gia v\u1ec1 S\u1ea3n ph\u1ea9m, h\u00e0ng h\u00f3a v\u1eadt li\u1ec7u x\u00e2y d\u1ef1ng QCVN 16:2014\/BXD.<\/span><\/p>\n<h2 style=\"text-align: justify;\"><b>\u0110\u1eb7c t\u00ednh<\/b><\/h2>\n<p style=\"text-align: justify;\"><span style=\"font-weight: 400;\">\u0110\u1ed9 b\u1ec1n v\u00e0 \u0111\u1ed9 b\u00e1m d\u00ednh c\u1ef1c k\u1ef3 t\u1ed1t tr\u00ean n\u1ec1n b\u1ec1 t\u00f4ng<\/span><\/p>\n<p style=\"text-align: justify;\"><span style=\"font-weight: 400;\">C\u00f3 kh\u1ea3 n\u0103ng kh\u00e1ng m\u00e0i m\u00f2n, ki\u1ec1m, acid, n\u01b0\u1edbc, x\u0103ng d\u1ea7u<\/span><\/p>\n<p style=\"text-align: justify;\"><span style=\"font-weight: 400;\">M\u00e0u s\u1eafc \u0111a d\u1ea1ng, ph\u00f9 h\u1ee3p v\u1edbi nhi\u1ec1u c\u00f4ng tr\u00ecnh kh\u00e1c nhau<\/span><\/p>\n<h2 style=\"text-align: justify;\"><b>Y\u00eau c\u1ea7u v\u1ec1 s\u00e0n:<\/b><\/h2>\n<p style=\"text-align: justify;\"><span style=\"font-weight: 400;\">C\u00e1c s\u00e0n b\u00ea t\u00f4ng m\u1edbi c\u1ea7n c\u00f3 t\u1ed1i thi\u1ec3u 28 ng\u00e0y \u0111\u1ec3 \u0111\u00f3ng r\u1eafn ho\u00e0n to\u00e0n tr\u01b0\u1edbc khi ti\u1ebfn h\u00e0nh s\u01a1n.<\/span><\/p>\n<p style=\"text-align: justify;\"><span style=\"font-weight: 400;\">\u0110\u1ed9 \u1ea9m t\u1ed1i thi\u1ec3u tr\u00ean b\u1ec1 m\u1eb7t kh\u00f4ng \u0111\u01b0\u1ee3c v\u01b0\u1ee3t qu\u00e1 4%.<\/span><\/p>\n<p style=\"text-align: justify;\"><span style=\"font-weight: 400;\">\u0110\u1ed9 \u1ea7m m\u00f4i tr\u01b0\u1eddng xung quanh kh\u00f4ng v\u01b0\u1ee3t qu\u00e1 85%.<\/span><\/p>\n<p style=\"text-align: justify;\"><span style=\"font-weight: 400;\">M\u00e1c b\u00ea t\u00f4ng ph\u1ea3i tu\u00e2n theo c\u00e1c ti\u00eau chu\u1ea9n v\u1ec1 b\u00ea t\u00f4ng nh\u01b0: t\u1ef7 l\u1ec7 n\u01b0\u1edbc\/xi m\u0103ng, c\u00e1c ch\u1ea5t ph\u1ee5 gia, c\u00e1c y\u00eau c\u1ea7u t\u1ed1i thi\u1ec3u v\u1ec1 xi m\u0103ng c\u0169ng nh\u01b0 c\u00e1c ch\u1ec9 ti\u00eau v\u1ec1 \u0111\u1ed9 b\u1ec1n.<\/span><\/p>\n<h2 style=\"text-align: justify;\"><b>Chu\u1ea9n b\u1ecb b\u1ec1 m\u1eb7t:<\/b><\/h2>\n<p style=\"text-align: justify;\"><span style=\"font-weight: 400;\">T\u1ea5t c\u1ea3 c\u00e1c lo\u1ea1i b\u00ea t\u00f4ng b\u1ecb h\u01b0 h\u1ea1i, d\u00ednh h\u00f3a ch\u1ea5t, t\u1ea1p ch\u1ea5t b\u1ea9n \u0111\u1ec1u ph\u1ea3i \u0111\u01b0\u1ee3c l\u00e0m s\u1ea1ch ho\u00e0n to\u00e0n.<\/span><\/p>\n<p style=\"text-align: justify;\"><span style=\"font-weight: 400;\">B\u1ec1 m\u1eb7t b\u00ea t\u00f4ng ph\u1ea3i c\u00f3 \u0111\u1ed9 nh\u00e1m h\u1ee3p l\u00ed \u0111\u1ec3 \u0111\u1ea3m b\u1ea3o \u0111\u1ed9 b\u00e1m d\u00ednh t\u1ed1t. C\u00e1c s\u00e0n b\u00ea t\u00f4ng c\u1ea7n \u0111\u01b0\u1ee3c m\u00e0i ph\u1eb3ng v\u00e0 s\u1ea1ch b\u1ee5i.<\/span><\/p>\n<p style=\"text-align: justify;\"><span style=\"font-weight: 400;\">C\u00e1c khuy\u1ebft t\u1eadt nh\u1ecf v\u00e0 b\u1ec1 m\u1eb7t l\u1ed3i l\u00f5m c\u1ea7n \u0111\u01b0\u1ee3c tr\u00e1m ph\u1eb3ng \u0111\u1ec3 tr\u00e1nh hao h\u1ee5t s\u01a1n.<\/span><\/p>\n<p style=\"text-align: justify;\"><span style=\"font-weight: 400;\">N\u1ebfu vi\u1ec7c chu\u1ea9n b\u1ecb b\u1ec1 m\u1eb7t ho\u00e0n t\u1ea5t v\u00e0o ng\u00e0y h\u00f4m tr\u01b0\u1edbc, c\u1ea7n h\u00fat b\u1ee5i l\u1ea1i to\u00e0n b\u1ed9 s\u00e0n.<\/span><\/p>\n<p style=\"text-align: justify;\"><span style=\"font-weight: 400;\">\u0110\u1ed9 b\u00e1m d\u00ednh t\u1ed1t nh\u1ea5t \u0111\u1ea1t \u0111\u01b0\u1ee3c khi l\u1edbp s\u01a1n k\u1ebf ti\u1ebfp \u0111\u01b0\u1ee3c s\u01a1n tr\u00ean l\u1edbp s\u01a1n tr\u01b0\u1edbc ch\u01b0a \u0111\u00f3ng r\u1eafn ho\u00e0n to\u00e0n, n\u1ebfu th\u1eddi gian s\u01a1n l\u1edbp k\u1ebf ti\u1ebfp b\u1ecb v\u01b0\u1ee3t qu\u00e1, c\u1ea7n ch\u00e0 nh\u00e1m b\u1ec1 m\u1eb7t.<\/span><\/p>\n<h2>Thi c\u00f4ng<\/h2>\n<p><span style=\"font-weight: 400;\">JONA\u00ae LEVEL NEW l\u00e0 lo\u1ea1i s\u01a1n c\u00f3 2 th\u00e0nh ph\u1ea7n: Ph\u1ea7n A: ch\u1ea5t l\u1ecfng, ph\u1ea7n B: ch\u1ea5t l\u1ecfng\u00a0<\/span><\/p>\n<p><span style=\"font-weight: 400;\">Khu\u1ea5y \u0111\u1ec1u ri\u00eang t\u1eebng ph\u1ea7n A v\u00e0 B \u0111\u1ec3 \u0111\u1ea3m b\u1ea3o s\u01a1n kh\u00f4ng b\u1ecb l\u1eafng xu\u1ed1ng th\u00f9ng. \u0110\u1ed5 c\u1ea9n th\u1eadn, t\u1eeb t\u1eeb ph\u1ea7n B v\u00e0o\u00a0 ph\u1ea7n A c\u00f3 s\u1eb5n, d\u00f9ng m\u00e1y khoan t\u1ed1c \u0111\u1ed9 ch\u1eadm c\u00f3 g\u1eafn \u0111\u1ea7u khu\u1ea5y th\u00edch h\u1ee3p, khu\u1ea5y t\u1ed1i thi\u1ec3u 3 ph\u00fat cho \u0111\u1ebfn khi th\u1eadt \u0111\u1ec1u. N\u1ebfu c\u1ea7n \u0111\u1ed9 d\u00e0y \u0111\u1ebfn 3mm c\u1ea7n tr\u1ed9n th\u00eam c\u00e1t th\u1ea1ch anh c\u1ee1 h\u1ea1t 0.1-0.3mm(\u226420% theo kh\u1ed1i l\u01b0\u1ee3ng)\u00a0<\/span><\/p>\n<p><span style=\"font-weight: 400;\">\u0110\u1ed5 ngay h\u1ed7n h\u1ee3p v\u1eeba tr\u1ed9n l\u00ean s\u00e0n \u0111\u00e3 \u0111\u01a3\u1ee3c s\u01a1n l\u00f3t JONES EPO CL ho\u1eb7c JONES SEALER , d\u00f9ng b\u00e0n c\u00e0o s\u1eaft c\u00f3 th\u1ec3 \u0111i\u1ec1u ch\u1ec9nh ho\u1eb7c bay s\u1eaft c\u00f3 vi\u1ec1n r\u0103ng c\u01a3a l\u00e1ng tr\u00ean b\u1ec1 m\u1eb7t \u0111\u1ec3 \u0111\u1ea1t \u0111\u1ed9 d\u00e0y ch\u1ec9 \u0111\u1ecbnh. Khi \u0111\u1ed9 d\u00e0y ch\u1ec9 \u0111\u1ecbnh \u0111\u00e3 \u0111\u1ea1t \u0111\u01b0\u1ee3c, d\u00f9ng con l\u0103n c\u00f3 gai l\u0103n li\u00ean t\u1ee5c l\u00ean b\u1ec1 m\u1eb7t m\u00e0ng s\u01a1n \u0111\u1ec3 l\u00e0m tho\u00e1t h\u1ebft kh\u00f4ng kh\u00ed trong m\u00e0ng, l\u0103n \u0111\u1ebfn khi c\u00f3 th\u1ec3 th\u1ea5y r\u00f5 b\u00f3ng ng\u01a3\u1eddi soi tr\u00ean b\u1ec1 m\u1eb7t m\u00e0ng H\u1ed7n h\u1ee3p \u0111\u00e3 ph\u1ed1i tr\u1ed9n kh\u00f4ng \u0111\u01a3\u1ee3c \u0111\u1ec3 qu\u00e1 30 ph\u00fat \u1edf 230C.\u00a0<\/span><\/p>\n<p><span style=\"font-weight: 400;\">C\u00f3 th\u1ec3 s\u1eed d\u1ee5ng JOTHINNER\u00ae 404 \u0111\u1ec3 pha lo\u00e3ng n\u1ebfu c\u1ea7n thi\u1ebft, t\u1ef7 l\u1ec7 d\u00f9ng kh\u00f4ng qu\u00e1 2% theo kh\u1ed1i l\u01a3\u1ee3ng Khi thi c\u00f4ng xong, v\u1ec7 sinh d\u1ee5ng c\u1ee5, thi\u1ebft b\u1ecb thi c\u00f4ng b\u1eb1ng JOTHINNER\u00ae 305<\/span><\/p>\n<h2 style=\"text-align: justify;\"><b>S\u1ee9c kh\u1ecfe, an to\u00e0n, m\u00f4i tr\u01b0\u1eddng:<\/b><\/h2>\n<p style=\"text-align: justify;\"><span style=\"font-weight: 400;\">\u0110\u1ec3 xa t\u1ea7m tay tr\u1ebb em.<\/span><\/p>\n<p style=\"text-align: justify;\"><span style=\"font-weight: 400;\">\u0110\u1ea3m b\u1ea3o th\u00f4ng tho\u00e1ng t\u1ed1t khi thi c\u00f4ng v\u00e0 ch\u1edd kh\u00f4. Tr\u00e1nh h\u00edt ph\u1ea3i b\u1ee5i s\u01a1n.<\/span><\/p>\n<p style=\"text-align: justify;\"><span style=\"font-weight: 400;\">N\u00ean \u0111eo k\u00ednh b\u1ea3o h\u1ed9 khi thi c\u00f4ng. Tr\u01b0\u1eddng h\u1ee3p s\u01a1n d\u00ednh v\u00e0o m\u1eaft, r\u1eeda v\u1edbi nhi\u1ec1u n\u01b0\u1edbc s\u1ea1ch<\/span><span style=\"font-weight: 400;\"> v\u00e0 \u0111i \u0111\u1ebfn c\u01a1 s\u1edf y t\u1ebf ngay.<\/span><\/p>\n<p style=\"text-align: justify;\"><span style=\"font-weight: 400;\">D\u00f9ng dung m\u00f4i th\u00edch h\u1ee3p \u0111\u1ec3 ch\u00f9i s\u1ea1ch s\u01a1n d\u00ednh v\u00e0o da, sau \u0111\u00f3 d\u00f9ng n\u01b0\u1edbc v\u00e0 x\u1ea3<\/span><\/p>\n<p style=\"text-align: justify;\"><span style=\"font-weight: 400;\">ph\u00f2ng \u0111\u1ec3 r\u1eeda s\u1ea1ch.<\/span><\/p>\n<p style=\"text-align: justify;\"><span style=\"font-weight: 400;\">C\u1ea9n th\u1eadn khi v\u1eadn chuy\u1ec3n s\u01a1n. N\u1ebfu \u0111\u1ed5 s\u01a1n th\u00ec thu gom b\u1eb1ng c\u00e1ch r\u1ea3i \u0111\u1ea5t ho\u1eb7c c\u00e1t.<\/span><\/p>\n<p style=\"text-align: justify;\"><span style=\"font-weight: 400;\">CH\u00da \u00dd PH\u00d2NG NG\u1eeaA R\u1ee6I RO CH\u00c1Y N\u1ed4.<\/span><\/p>\n<p style=\"text-align: justify;\"><span style=\"font-weight: 400;\">KH\u00d4NG \u0110\u01af\u1ee2C \u0110\u00d4 S\u01a0N RA C\u00d4NG R\u00c3NH HO\u1eb6C NGU\u1ed2N N\u01af\u1edaC.<\/span><\/p>\n<p style=\"text-align: justify;\">\n","protected":false},"excerpt":{"rendered":"<p>M\u00f4 t\u1ea3 v\u00e0 \u1ee8ng d\u1ee5ng: JONA\u00ae LEVEL NEW l\u00e0 lo\u1ea1i s\u01a1n ph\u1ee7 cho s\u00e0n b\u00ea t\u00f4ng kh\u00f4ng ch\u1ee9a dung m\u00f4i, g\u1ed1c nh\u1ef1a h\u1ec7 Epoxy 2 th\u00e0nh ph\u1ea7n, t\u1ef1 d\u00e0n \u0111\u1ec1u, cho b\u1ec1 m\u1eb7t ho\u00e0n thi\u1ec7n li\u1ec1n m\u1ea1ch, c\u00f3 kh\u1ea3 n\u0103ng thi c\u00f4ng \u1edf nhi\u1ec1u \u0111\u1ed9 d\u00e0y kh\u00e1c nhau t\u00f9y m\u1ee5c \u0111\u00edch s\u1eed d\u1ee5ng cho t\u1eebng [&#8230;]\n","protected":false},"featured_media":12389,"comment_status":"open","ping_status":"closed","template":"","meta":[],"product_brand":[],"product_cat":[18],"product_tag":[],"class_list":{"0":"post-12350","1":"product","2":"type-product","3":"status-publish","4":"has-post-thumbnail","6":"product_cat-son-epoxy-joton","8":"first","9":"instock","10":"shipping-taxable","11":"product-type-simple"},"_links":{"self":[{"href":"https:\/\/sonsanepoxy.vn\/index.php\/wp-json\/wp\/v2\/product\/12350","targetHints":{"allow":["GET"]}}],"collection":[{"href":"https:\/\/sonsanepoxy.vn\/index.php\/wp-json\/wp\/v2\/product"}],"about":[{"href":"https:\/\/sonsanepoxy.vn\/index.php\/wp-json\/wp\/v2\/types\/product"}],"replies":[{"embeddable":true,"href":"https:\/\/sonsanepoxy.vn\/index.php\/wp-json\/wp\/v2\/comments?post=12350"}],"wp:featuredmedia":[{"embeddable":true,"href":"https:\/\/sonsanepoxy.vn\/index.php\/wp-json\/wp\/v2\/media\/12389"}],"wp:attachment":[{"href":"https:\/\/sonsanepoxy.vn\/index.php\/wp-json\/wp\/v2\/media?parent=12350"}],"wp:term":[{"taxonomy":"product_brand","embeddable":true,"href":"https:\/\/sonsanepoxy.vn\/index.php\/wp-json\/wp\/v2\/product_brand?post=12350"},{"taxonomy":"product_cat","embeddable":true,"href":"https:\/\/sonsanepoxy.vn\/index.php\/wp-json\/wp\/v2\/product_cat?post=12350"},{"taxonomy":"product_tag","embeddable":true,"href":"https:\/\/sonsanepoxy.vn\/index.php\/wp-json\/wp\/v2\/product_tag?post=12350"}],"curies":[{"name":"wp","href":"https:\/\/api.w.org\/{rel}","templated":true}]}}