{"id":12346,"date":"2026-05-05T08:20:18","date_gmt":"2026-05-05T08:20:18","guid":{"rendered":"https:\/\/sonsanepoxy.vn\/?post_type=product&#038;p=12346"},"modified":"2026-05-05T08:20:30","modified_gmt":"2026-05-05T08:20:30","slug":"sikadur-731-chat-ket-dinh-goc-nhua-epoxy-2-thanh-phan-co-tinh-xuc-bien","status":"publish","type":"product","link":"https:\/\/sonsanepoxy.vn\/index.php\/san-pham\/sikadur-731-chat-ket-dinh-goc-nhua-epoxy-2-thanh-phan-co-tinh-xuc-bien\/","title":{"rendered":"Sikadur 731 &#8211; Ch\u1ea5t k\u1ebft d\u00ednh g\u1ed1c nh\u1ef1a epoxy 2 th\u00e0nh ph\u1ea7n c\u00f3 t\u00ednh x\u00fac bi\u1ebfn"},"content":{"rendered":"<p style=\"text-align: justify;\"><span style=\"font-weight: 400;\">Sikadur\u00ae-731 l\u00e0 m\u1ed9t lo\u1ea1i v\u1eefa s\u1eeda ch\u1eefa v\u00e0 ch\u1ea5t k\u1ebft d\u00ednh hai th\u00e0nh ph\u1ea7n, kh\u00f4ng ch\u1ee9a dung m\u00f4i, \u0111\u01b0\u1ee3c t\u1ea1o th\u00e0nh t\u1eeb s\u1ef1 k\u1ebft h\u1ee3p gi\u1eefa nh\u1ef1a epoxy v\u00e0 ch\u1ea5t tr\u00e1m c\u00f3 c\u01b0\u1eddng \u0111\u1ed9 cao.\u00a0<\/span><\/p>\n<p style=\"text-align: justify;\"><span style=\"font-weight: 400;\">Vi\u1ec7c khoan c\u1ea5y th\u00e9p b\u1eb1ng Sikadur 731 l\u00e0 m\u1ed9t c\u00f4ng vi\u1ec7c ph\u1ed5 bi\u1ebfn trong ng\u00e0nh c\u00f4ng nghi\u1ec7p x\u00e2y d\u1ef1ng hi\u1ec7n nay. \u0110i\u1ec1u n\u00e0y \u0111\u1eb7c bi\u1ec7t quan tr\u1ecdng \u0111\u1ec3 t\u1ea1o \u0111\u1ed9 b\u00e1m d\u00ednh v\u00e0 m\u1ea1nh m\u1ebd gi\u1eefa th\u00e9p v\u00e0 b\u00ea t\u00f4ng, cung c\u1ea5p \u0111\u1ed9 \u1ed5n \u0111\u1ecbnh v\u00e0 an to\u00e0n cho c\u00e1c c\u00f4ng tr\u00ecnh x\u00e2y d\u1ef1ng.<\/span><\/p>\n<p style=\"text-align: justify;\"><b>TH\u00d4NG TIN S\u1ea2N PH\u1ea8M<\/b><\/p>\n<p style=\"text-align: justify;\"><span style=\"font-weight: 400;\">\u0110\u00f3ng g\u00f3i:1 &amp; 2 kg\/ b\u1ed9<\/span><\/p>\n<p style=\"text-align: justify;\"><span style=\"font-weight: 400;\">H\u1ea1n s\u1eed d\u1ee5ng:\u00a0 T\u1ed1i thi\u1ec3u 12 th\u00e1ng n\u1ebfu ch\u01b0a m\u1edf v\u00e0 l\u01b0u tr\u1eef \u1edf n\u01a1i kh\u00f4 tr\u00ean 5\u00b0C v\u00e0 t\u1ed1i \u0111a l\u00e0 25\u00b0C<\/span><\/p>\n<p style=\"text-align: justify;\"><span style=\"font-weight: 400;\">\u0110i\u1ec1u ki\u1ec7n l\u01b0u tr\u1eef: Tr\u00ean +5\u00b0C, t\u1ed1i \u0111a +25\u00b0C, kh\u00f4<\/span><\/p>\n<p style=\"text-align: justify;\"><span style=\"font-weight: 400;\">M\u00e0u s\u1eafc:\u00a0 X\u00e1m (th\u00e0nh ph\u1ea7n A: tr\u1eafng, th\u00e0nh ph\u1ea7n. B: \u0111en)<\/span><\/p>\n<p style=\"text-align: justify;\"><span style=\"font-weight: 400;\">T\u1ef7 tr\u1ecdng:\u00a0 ~ 1.80 &#8211; 2.00 kg\/l\u00edt (\u0111\u00e3 tr\u1ed9n)<\/span><\/p>\n<p style=\"text-align: justify;\"><b>TH\u00d4NG S\u1ed0 K\u1ef8 THU\u1eacT<\/b><\/p>\n<p style=\"text-align: justify;\"><span style=\"font-weight: 400;\">Modul \u0111\u00e0n h\u1ed3i khi n\u00e9n:\u00a0 T\u1ed1i thi\u1ec3u 1400 N\/mm2 (ASTM D695, tham kh\u1ea3o ASTM C881)<\/span><\/p>\n<p style=\"text-align: justify;\"><span style=\"font-weight: 400;\">C\u01b0\u1eddng \u0111\u1ed9 b\u00e1m d\u00ednh:\u00a0 2 ng\u00e0y \u2265 7 N\/mm2, 14 ng\u00e0y \u2265 10 N\/mm2 (ASTM C882)<\/span><\/p>\n<p style=\"text-align: justify;\"><span style=\"font-weight: 400;\">T\u1ef7 l\u1ec7 tr\u1ed9n:\u00a0 Th\u00e0nh ph\u1ea7n A : B = 2 : 1 theo kh\u1ed1i l\u01b0\u1ee3ng<\/span><\/p>\n<p style=\"text-align: justify;\"><span style=\"font-weight: 400;\">\u0110\u1ecbnh m\u1ee9c: ~ 1.7 kg\/m\u00b2 cho \u0111\u1ed9 d\u00e0y 1 mm t\u00f9y thu\u1ed9c v\u00e0o \u0111\u1ed9 b\u1eb1ng ph\u1eb3ng c\u1ee7a b\u1ec1 m\u1eb7t<\/span><\/p>\n<p style=\"text-align: justify;\"><b>\u01afU \u0110I\u1ec2M N\u1ed4I B\u1eacT C\u1ee6A SIKADUR\u00ae-731<\/b><\/p>\n<ul style=\"text-align: justify;\">\n<li style=\"font-weight: 400;\" aria-level=\"1\"><span style=\"font-weight: 400;\">S\u1ea3n ph\u1ea9m n\u00e0y d\u1ec5 s\u1eed d\u1ee5ng v\u00e0 thi c\u00f4ng.<\/span><\/li>\n<li style=\"font-weight: 400;\" aria-level=\"1\"><span style=\"font-weight: 400;\">C\u00f3 kh\u1ea3 n\u0103ng th\u00edch \u1ee9ng v\u1edbi c\u1ea3 b\u1ec1 m\u1eb7t kh\u00f4 v\u00e0 \u1ea9m, gi\u00fap c\u00f4ng vi\u1ec7c thi c\u00f4ng linh ho\u1ea1t h\u01a1n.<\/span><\/li>\n<li style=\"font-weight: 400;\" aria-level=\"1\"><span style=\"font-weight: 400;\">Kh\u00f4ng ch\u1ea3y s\u1ec7 ngay c\u1ea3 \u1edf nhi\u1ec7t \u0111\u1ed9 cao, gi\u1eef cho qu\u00e1 tr\u00ecnh thi c\u00f4ng \u0111\u01b0\u1ee3c \u0111i\u1ec1u khi\u1ec3n t\u1ed1t h\u01a1n.<\/span><\/li>\n<\/ul>\n<ul style=\"text-align: justify;\">\n<li style=\"font-weight: 400;\" aria-level=\"1\"><span style=\"font-weight: 400;\">\u0110\u00f4ng c\u1ee9ng m\u00e0 kh\u00f4ng co ng\u00f3t, \u0111\u1ea3m b\u1ea3o k\u1ebft qu\u1ea3 cu\u1ed1i c\u00f9ng \u0111\u1ea1t \u0111\u01b0\u1ee3c l\u00e0nh m\u1ea1nh v\u00e0 \u1ed5n \u0111\u1ecbnh.<\/span><\/li>\n<\/ul>\n<ul style=\"text-align: justify;\">\n<li style=\"font-weight: 400;\" aria-level=\"1\"><span style=\"font-weight: 400;\">S\u1ea3n ph\u1ea9m n\u00e0y c\u00f3 kh\u1ea3 n\u0103ng k\u1ebft d\u00ednh t\u1ed1t v\u1edbi b\u00ea t\u00f4ng v\u00e0 nhi\u1ec1u v\u1eadt li\u1ec7u kh\u00e1c, cung c\u1ea5p t\u00ednh linh ho\u1ea1t trong \u1ee9ng d\u1ee5ng.<\/span><\/li>\n<li style=\"font-weight: 400;\" aria-level=\"1\"><span style=\"font-weight: 400;\">Nhanh \u0111\u1ea1t c\u01b0\u1eddng \u0111\u1ed9 cao<\/span><\/li>\n<li style=\"font-weight: 400;\" aria-level=\"1\"><span style=\"font-weight: 400;\">S\u1eed d\u1ee5ng c\u00e1c m\u00e0u kh\u00e1c nhau cho c\u00e1c th\u00e0nh ph\u1ea7n gi\u00fap ki\u1ec3m so\u00e1t qu\u00e1 tr\u00ecnh tr\u1ed9n m\u1ed9t c\u00e1ch d\u1ec5 d\u00e0ng v\u00e0 ch\u00ednh x\u00e1c.<\/span><\/li>\n<li style=\"font-weight: 400;\" aria-level=\"1\"><span style=\"font-weight: 400;\">C\u00f3 kh\u1ea3 n\u0103ng ch\u1ecbu m\u00e0i m\u00f2n cao, gi\u00fap t\u0103ng \u0111\u1ed9 b\u1ec1n v\u00e0 tu\u1ed5i th\u1ecd c\u1ee7a v\u1eadt li\u1ec7u \u0111\u01b0\u1ee3c \u1ee9ng d\u1ee5ng.<\/span><\/li>\n<\/ul>\n<p style=\"text-align: justify;\"><b>\u1ee8NG D\u1ee4NG SIKADUR\u00ae-731<\/b><\/p>\n<p style=\"text-align: justify;\"><span style=\"font-weight: 400;\">Sikadur\u00ae-731 c\u00f3 th\u1ec3 \u0111\u01b0\u1ee3c \u00e1p d\u1ee5ng trong nhi\u1ec1u \u1ee9ng d\u1ee5ng kh\u00e1c nhau, nh\u01b0:<\/span><\/p>\n<ul style=\"text-align: justify;\">\n<li style=\"font-weight: 400;\" aria-level=\"1\"><span style=\"font-weight: 400;\">L\u1edbp k\u1ebft n\u1ed1i m\u1ecfng v\u1eefng ch\u1eafc: S\u1eed d\u1ee5ng \u0111\u1ec3 t\u1ea1o ra l\u1edbp k\u1ebft n\u1ed1i m\u1ecfng, \u0111\u1ea3m b\u1ea3o s\u1ef1 v\u1eefng ch\u1eafc. C\u00f3 th\u1ec3 \u00e1p d\u1ee5ng cho nhi\u1ec1u lo\u1ea1i v\u1eadt li\u1ec7u nh\u01b0 b\u00ea t\u00f4ng, s\u1eaft, th\u00e9p, nh\u00f4m, g\u1ea1ch ceramic, g\u1ed7, th\u1ee7y tinh, polyester v\u00e0 epoxy.<\/span><\/li>\n<li style=\"font-weight: 400;\" aria-level=\"1\"><span style=\"font-weight: 400;\">S\u1eeda ch\u1eefa b\u00ea t\u00f4ng: \u0110\u01b0\u1ee3c s\u1eed d\u1ee5ng \u0111\u1ec3 s\u1eeda ch\u1eefa b\u1ec1 m\u1eb7t b\u00ea t\u00f4ng, bao g\u1ed3m c\u1ea3 vi\u1ec7c tr\u00e1m c\u00e1c l\u1ed7 r\u1ed7ng v\u00e0 s\u1eeda ch\u1eefa c\u00e1c v\u1ebft n\u1ee9t.<\/span><\/li>\n<\/ul>\n<ul style=\"text-align: justify;\">\n<li style=\"font-weight: 400;\" aria-level=\"1\"><span style=\"font-weight: 400;\">Ch\u1ea5t k\u1ebft d\u00ednh cho c\u00e1c thanh th\u00e9p neo: Cung c\u1ea5p kh\u1ea3 n\u0103ng k\u1ebft d\u00ednh ch\u1eafc ch\u1eafn gi\u1eefa c\u00e1c thanh th\u00e9p neo v\u1edbi b\u1ec1 m\u1eb7t kh\u00e1c, \u0111\u1ea3m b\u1ea3o t\u00ednh ch\u1eafc ch\u1eafn c\u1ee7a c\u00e1c k\u1ebft c\u1ea5u x\u00e2y d\u1ef1ng.<\/span><\/li>\n<\/ul>\n<ul style=\"text-align: justify;\">\n<li style=\"font-weight: 400;\" aria-level=\"1\"><span style=\"font-weight: 400;\">Tr\u00e1m c\u00e1c v\u1ebft n\u1ee9t v\u00e0 b\u1ec1 m\u1eb7t: D\u00f9ng \u0111\u1ec3 tr\u00e1m c\u00e1c v\u1ebft n\u1ee9t v\u00e0 b\u1ec1 m\u1eb7t kh\u00f4ng ho\u00e0n h\u1ea3o, gi\u00fap cung c\u1ea5p s\u1ef1 m\u1ecbn m\u00e0ng v\u00e0 \u0111\u1ed3ng \u0111\u1ec1u cho b\u1ec1 m\u1eb7t l\u00e0m vi\u1ec7c.<\/span><\/li>\n<\/ul>\n<p style=\"text-align: justify;\">\n<p style=\"text-align: justify;\"><b>H\u01af\u1edaNG D\u1eaaN THI C\u00d4NG SIKADUR\u00ae-731 CHU\u1ea8N, CHI TI\u1ebeT NH\u1ea4T<\/b><\/p>\n<p style=\"text-align: justify;\"><b>B\u01b0\u1edbc 1:\u00a0 V\u1ec7 sinh b\u1ec1 m\u1eb7t\u00a0<\/b><\/p>\n<p style=\"text-align: justify;\"><span style=\"font-weight: 400;\">B\u1ec1 m\u1eb7t c\u1ea7n \u0111\u01b0\u1ee3c l\u00e0m s\u1ea1ch ho\u00e0n to\u00e0n, kh\u00f4ng b\u00e1m b\u1ee5i, d\u1ea7u m\u1ee1, v\u00e0 kh\u00f4ng \u0111\u1ecdng n\u01b0\u1edbc.<\/span><\/p>\n<p style=\"text-align: justify;\"><span style=\"font-weight: 400;\">S\u1eed d\u1ee5ng c\u00e1c bi\u1ec7n ph\u00e1p c\u01a1 h\u1ecdc nh\u01b0 m\u00e1y th\u1ed5i c\u00e1t \u0111\u1ec3 lo\u1ea1i b\u1ecf b\u1ee5i xi m\u0103ng.<\/span><\/p>\n<p style=\"text-align: justify;\"><b>B\u01b0\u1edbc 2: Tr\u1ed9n<\/b><\/p>\n<p style=\"text-align: justify;\"><span style=\"font-weight: 400;\">S\u1eed d\u1ee5ng m\u00e1y tr\u1ed9n \u0111i\u1ec7n v\u1edbi t\u1ed1c \u0111\u1ed9 th\u1ea5p (kh\u00f4ng qu\u00e1 500 v\u00f2ng\/ph\u00fat) \u0111\u1ec3 tr\u1ed9n hai th\u00e0nh ph\u1ea7n trong \u00edt nh\u1ea5t 3 ph\u00fat cho \u0111\u1ebfn khi h\u1ed7n h\u1ee3p tr\u1edf n\u00ean m\u1ecbn, s\u1ec7t v\u00e0 c\u00f3 m\u00e0u x\u00e1m \u0111\u1ec1u.<\/span><\/p>\n<p style=\"text-align: justify;\"><b>B\u01b0\u1edbc 3: Ti\u1ebfn h\u00e0nh khoan l\u1ed7<\/b><\/p>\n<ul style=\"text-align: justify;\">\n<li style=\"font-weight: 400;\" aria-level=\"1\"><span style=\"font-weight: 400;\">Khoan l\u1ed7: K\u00edch th\u01b0\u1edbc l\u1ed7 khoan ph\u1ea3i t\u01b0\u01a1ng \u0111\u01b0\u01a1ng v\u1edbi \u0111\u01b0\u1eddng k\u00ednh c\u1ee7a th\u00e9p, th\u01b0\u1eddng t\u1eeb 5 \u0111\u1ebfn 10 mm.<\/span><\/li>\n<\/ul>\n<ul style=\"text-align: justify;\">\n<li style=\"font-weight: 400;\" aria-level=\"1\"><span style=\"font-weight: 400;\">Chi\u1ec1u s\u00e2u l\u1ed7 khoan ph\u1ee5 thu\u1ed9c v\u00e0o b\u1ea3ng t\u00ednh k\u1ebft c\u1ea5u, c\u01b0\u1eddng \u0111\u1ed9 b\u00ea t\u00f4ng, c\u01b0\u1eddng \u0111\u1ed9 th\u00e9p v\u00e0 y\u00eau c\u1ea7u v\u1ec1 s\u1ee9c ch\u1ecbu t\u1ea3i.<\/span><\/li>\n<li style=\"font-weight: 400;\" aria-level=\"1\"><span style=\"font-weight: 400;\">L\u00e0m s\u1ea1ch l\u1ed7 khoan m\u1ed9t ng\u00e0y tr\u01b0\u1edbc khi s\u1eed d\u1ee5ng \u0111\u1ec3 \u0111\u1ea3m b\u1ea3o b\u1ec1 m\u1eb7t s\u1ea1ch v\u00e0 kh\u00f4.<\/span><\/li>\n<li style=\"font-weight: 400;\" aria-level=\"1\"><span style=\"font-weight: 400;\">Tr\u1ed9n l\u1ea1i th\u00e0nh ph\u1ea7n A v\u00e0 B c\u1ee7a Sikadur 731 trong \u00edt nh\u1ea5t 2 ph\u00fat v\u1edbi m\u00e1y tr\u1ed9n \u0111i\u1ec7n t\u1ed1c \u0111\u1ed9 th\u1ea5p (t\u1ed1i \u0111a 600 v\u00f2ng\/ph\u00fat) cho \u0111\u1ebfn khi v\u1eadt li\u1ec7u tr\u1edf n\u00ean m\u1ecbn v\u00e0 \u0111\u1ed3ng \u0111\u1ec1u m\u00e0u.<\/span><\/li>\n<\/ul>\n<p style=\"text-align: justify;\"><b>B\u01b0\u1edbc 4: Thi c\u00f4ng keo v\u00e0o l\u1ed7 khoan<\/b><\/p>\n<ul style=\"text-align: justify;\">\n<li style=\"font-weight: 400;\" aria-level=\"1\"><span style=\"font-weight: 400;\">\u0110\u1ed5 keo Sikadur 731 \u0111\u00e3 tr\u1ed9n v\u00e0o l\u1ed7 khoan (t\u1ed1t nh\u1ea5t l\u00e0 l\u1ed7 khoan kh\u00f4, s\u1ea1ch v\u00e0 kh\u00f4ng c\u00f3 b\u1ee5i) b\u1eb1ng s\u00fang b\u01a1m.<\/span><\/li>\n<li style=\"font-weight: 400;\" aria-level=\"1\"><span style=\"font-weight: 400;\">\u0110\u1eb7t th\u00e9p ch\u1edd v\u00e0o v\u1ecb tr\u00ed ch\u00ednh x\u00e1c.<\/span><\/li>\n<\/ul>\n<p style=\"text-align: justify;\"><b>B\u01b0\u1edbc 5: Ch\u1edd keo Sikadur 731 kh\u00f4 c\u1ee9ng<\/b><\/p>\n<p style=\"text-align: justify;\"><span style=\"font-weight: 400;\">\u0110\u1ec3 keo Sikadur 731 kh\u00f4 c\u1ee9ng trong \u00edt nh\u1ea5t 12 gi\u1edd \u1edf nhi\u1ec7t \u0111\u1ed9 25\u00b0C tr\u01b0\u1edbc khi ti\u1ebfp t\u1ee5c s\u1eed d\u1ee5ng.<\/span><\/p>\n<p style=\"text-align: justify;\"><b>B\u01b0\u1edbc 6: Thi c\u00f4ng k\u1ebft n\u1ed1i<\/b><\/p>\n<ul style=\"text-align: justify;\">\n<li style=\"font-weight: 400;\" aria-level=\"1\"><span style=\"font-weight: 400;\">Khi s\u1eed d\u1ee5ng l\u00e0m ch\u1ea5t d\u00ednh k\u1ebft m\u1ecfng, c\u00f3 th\u1ec3 s\u1eed d\u1ee5ng bay, dao tr\u1ed9n ho\u1eb7c b\u1eb1ng tay mang g\u0103ng tay b\u1ea3o v\u1ec7 \u0111\u1ec3 thi c\u00f4ng s\u1ea3n ph\u1ea9m l\u00ean b\u1ec1 m\u1eb7t.<\/span><\/li>\n<li style=\"font-weight: 400;\" aria-level=\"1\"><span style=\"font-weight: 400;\">N\u1ebfu s\u1eed d\u1ee5ng l\u00e0m v\u1eefa s\u1eeda ch\u1eefa, c\u00f3 th\u1ec3 c\u1ea7n d\u00f9ng v\u00e1n khu\u00f4n.<\/span><\/li>\n<li style=\"font-weight: 400;\" aria-level=\"1\"><span style=\"font-weight: 400;\">\u0110\u1ed1i v\u1edbi c\u00e1c b\u1ec1 m\u1eb7t \u1ea9m, c\u1ea7n ph\u1ea3i tr\u00e1t k\u1ef9 \u0111\u1ec3 \u0111\u1ea3m b\u1ea3o s\u1ef1 b\u00e1m d\u00ednh t\u1ed1t c\u1ee7a s\u1ea3n ph\u1ea9m.<\/span><\/li>\n<\/ul>\n<p style=\"text-align: justify;\">\n","protected":false},"excerpt":{"rendered":"<p>Sikadur\u00ae-731 l\u00e0 m\u1ed9t lo\u1ea1i v\u1eefa s\u1eeda ch\u1eefa v\u00e0 ch\u1ea5t k\u1ebft d\u00ednh hai th\u00e0nh ph\u1ea7n, kh\u00f4ng ch\u1ee9a dung m\u00f4i, \u0111\u01b0\u1ee3c t\u1ea1o th\u00e0nh t\u1eeb s\u1ef1 k\u1ebft h\u1ee3p gi\u1eefa nh\u1ef1a epoxy v\u00e0 ch\u1ea5t tr\u00e1m c\u00f3 c\u01b0\u1eddng \u0111\u1ed9 cao.\u00a0 Vi\u1ec7c khoan c\u1ea5y th\u00e9p b\u1eb1ng Sikadur 731 l\u00e0 m\u1ed9t c\u00f4ng vi\u1ec7c ph\u1ed5 bi\u1ebfn trong ng\u00e0nh c\u00f4ng nghi\u1ec7p x\u00e2y d\u1ef1ng hi\u1ec7n [&#8230;]\n","protected":false},"featured_media":12381,"comment_status":"open","ping_status":"closed","template":"","meta":[],"product_brand":[],"product_cat":[51],"product_tag":[],"class_list":{"0":"post-12346","1":"product","2":"type-product","3":"status-publish","4":"has-post-thumbnail","6":"product_cat-vat-lieu-chong-tham","8":"first","9":"instock","10":"shipping-taxable","11":"product-type-simple"},"_links":{"self":[{"href":"https:\/\/sonsanepoxy.vn\/index.php\/wp-json\/wp\/v2\/product\/12346","targetHints":{"allow":["GET"]}}],"collection":[{"href":"https:\/\/sonsanepoxy.vn\/index.php\/wp-json\/wp\/v2\/product"}],"about":[{"href":"https:\/\/sonsanepoxy.vn\/index.php\/wp-json\/wp\/v2\/types\/product"}],"replies":[{"embeddable":true,"href":"https:\/\/sonsanepoxy.vn\/index.php\/wp-json\/wp\/v2\/comments?post=12346"}],"wp:featuredmedia":[{"embeddable":true,"href":"https:\/\/sonsanepoxy.vn\/index.php\/wp-json\/wp\/v2\/media\/12381"}],"wp:attachment":[{"href":"https:\/\/sonsanepoxy.vn\/index.php\/wp-json\/wp\/v2\/media?parent=12346"}],"wp:term":[{"taxonomy":"product_brand","embeddable":true,"href":"https:\/\/sonsanepoxy.vn\/index.php\/wp-json\/wp\/v2\/product_brand?post=12346"},{"taxonomy":"product_cat","embeddable":true,"href":"https:\/\/sonsanepoxy.vn\/index.php\/wp-json\/wp\/v2\/product_cat?post=12346"},{"taxonomy":"product_tag","embeddable":true,"href":"https:\/\/sonsanepoxy.vn\/index.php\/wp-json\/wp\/v2\/product_tag?post=12346"}],"curies":[{"name":"wp","href":"https:\/\/api.w.org\/{rel}","templated":true}]}}